000
CXUS54 KLCH 261910
CF6LCH
PRELIMINARY LOCAL CLIMATOLOGICAL DATA (WS FORM: F-6)

                                          STATION:   LAKE CHARLES
                                          MONTH:     APRIL
                                          YEAR:      2015
                                          LATITUDE:   30  7 N
                                          LONGITUDE:  93 13 W

  TEMPERATURE IN F:       :PCPN:    SNOW:  WIND      :SUNSHINE: SKY     :PK WND
================================================================================
1   2   3   4   5  6A  6B    7    8   9   10  11  12  13   14  15   16   17  18
                                     12Z  AVG MX 2MIN
DY MAX MIN AVG DEP HDD CDD  WTR  SNW DPTH SPD SPD DIR MIN PSBL S-S WX    SPD DR
================================================================================

 1  79  61  70   5   0   5 0.00  0.0    0  6.3 15 180   M    M   5 12     23 200
 2  80  69  75  10   0  10 0.00  0.0    0  8.8 18 180   M    M   7 1      26 180
 3  80  67  74   9   0   9 0.00  0.0    0  7.1 16 210   M    M   7 1      22 210
 4  74  57  66   1   0   1    T  0.0    0 14.4 26  50   M    M   4 1      32  40
 5  72  55  64  -2   1   0 0.05  0.0    0  8.1 17 150   M    M   8 1      22 150
 6  79  63  71   5   0   6    T  0.0    0  6.5 15 170   M    M   7 12     21 180
 7  82  66  74   8   0   9 0.00  0.0    0  7.4 14 220   M    M   5 1      20 190
 8  84  67  76  10   0  11 0.00  0.0    0  6.8 18 170   M    M   5 12     24 170
 9   M   M   M   M   M   M    M    M    M   M   M   M   M    M   M 12      M  M
10  81  63  72   5   0   7 4.22  0.0    0  5.9 17  80   M    M  10 1238   25  80
11  78  59  69   2   0   4 0.75  0.0    0  7.8 21 130   M    M   4 13     26 120
12  78  66  72   5   0   7 0.49  0.0    0  7.6 17 150   M    M   8 13     21 160
13  84  69  77  10   0  12 0.45  0.0    0  8.1 21 200   M    M   5 13     30 210
14  77  65  71   3   0   6 0.80  0.0    0  3.5 18 160   M    M   4 13     24 150
15  80  64  72   4   0   7 0.00  0.0    0  2.3  8 340   M    M   4 1      11 340
16  77  66  72   4   0   7 1.08  0.0    0  5.9 17 120   M    M   8 13     22 120
17  82  65  74   6   0   9 0.76  0.0    0  7.0 20 250   M    M   6 13     29 240
18  75  67  71   2   0   6 1.45  0.0    0  6.2 17 120   M    M   4 13     21 110
19  82  59  71   2   0   6 0.03  0.0    0  8.5 33 260   M    M   0 13     50 280
20  76  58  67  -2   0   2 0.00  0.0    0  7.6 20 350   M    M   0        23 340
21  78  55  67  -2   0   2 0.00  0.0    0  7.1 20  60   M    M   0        24  70
22  84  62  73   3   0   8 0.00  0.0    0  4.6 12 160   M    M   2 1      14 190
23  87  68  78   8   0  13 0.00  0.0    0  2.9 12  60   M    M   6 1      14  70
24  84  71  78   8   0  13    T  0.0    0  8.3 18 140   M    M   8 18     25 160
25  80  67  74   4   0   9 1.19  0.0    0  6.4 22 320   M    M   4 13     33 340
================================================================================
SM 1913 1529         1 169 11.27     0.0 165.1          M      121
================================================================================
AV 79.7 63.7                               6.9 FASTST   M    M   5    MAX(MPH)
                                 MISC ---->  # 33 260               # 50  280
================================================================================
NOTES:
# LAST OF SEVERAL OCCURRENCES

COLUMN 17 PEAK WIND IN M.P.H.

PRELIMINARY LOCAL CLIMATOLOGICAL DATA (WS FORM: F-6) , PAGE 2

                                          STATION:  LAKE CHARLES
                                          MONTH:    APRIL
                                          YEAR:     2015
                                          LATITUDE:   30  7 N
                                          LONGITUDE:  93 13 W

[TEMPERATURE DATA]      [PRECIPITATION DATA]       SYMBOLS USED IN COLUMN 16

AVERAGE MONTHLY: 71.7   TOTAL FOR MONTH:  11.27    1 = FOG OR MIST
DPTR FM NORMAL:   4.3   DPTR FM NORMAL:    8.53    2 = FOG REDUCING VISIBILITY
HIGHEST:    87 ON 23    GRTST 24HR  4.22 ON  9-10      TO 1/4 MILE OR LESS
LOWEST:     55 ON 21, 5                            3 = THUNDER
                        SNOW, ICE PELLETS, HAIL    4 = ICE PELLETS
                        TOTAL MONTH:   0.0 INCH    5 = HAIL
                        GRTST 24HR     0.0         6 = FREEZING RAIN OR DRIZZLE
                        GRTST DEPTH:   0           7 = DUSTSTORM OR SANDSTORM:
                                                       VSBY 1/2 MILE OR LESS
                                                   8 = SMOKE OR HAZE
[NO. OF DAYS WITH]      [WEATHER - DAYS WITH]      9 = BLOWING SNOW
                                                   X = TORNADO
MAX 32 OR BELOW:   0    0.01 INCH OR MORE:  11
MAX 90 OR ABOVE:   0    0.10 INCH OR MORE:   9
MIN 32 OR BELOW:   0    0.50 INCH OR MORE:   7
MIN  0 OR BELOW:   0    1.00 INCH OR MORE:   4

[HDD (BASE 65) ]
TOTAL THIS MO.     1    CLEAR  (SCALE 0-3)   4
DPTR FM NORMAL   -43    PTCLDY (SCALE 4-7)  19
TOTAL FM JUL 1  1540    CLOUDY (SCALE 8-10)  1
DPTR FM NORMAL    52

[CDD (BASE 65) ]
TOTAL THIS MO.   169
DPTR FM NORMAL    64    [PRESSURE DATA]
TOTAL FM JAN 1   232    HIGHEST SLP M ON M
DPTR FM NORMAL    55    LOWEST  SLP 29.73 ON 25

[REMARKS]
