000
CXUS55 KBYZ 241055
CF6LVM
PRELIMINARY LOCAL CLIMATOLOGICAL DATA (WS FORM: F-6)

                                          STATION:   LIVINGSTON MT
                                          MONTH:     APRIL
                                          YEAR:      2015
                                          LATITUDE:   45 41 N
                                          LONGITUDE: 110 26 W

  TEMPERATURE IN F:       :PCPN:    SNOW:  WIND      :SUNSHINE: SKY     :PK WND
================================================================================
1   2   3   4   5  6A  6B    7    8   9   10  11  12  13   14  15   16   17  18
                                     12Z  AVG MX 2MIN
DY MAX MIN AVG DEP HDD CDD  WTR  SNW DPTH SPD SPD DIR MIN PSBL S-S WX    SPD DR
================================================================================

 1  49  30  40   1  25   0 0.01    M    M 21.0 37 270   M    M   3        46 260
 2  41  26  34  -5  31   0    T    M    M 11.8 22 230   M    M   8        27 220
 3  52  26  39   0  26   0 0.00    M    M 14.7 25 220   M    M   4        35 260
 4  53  30  42   3  23   0 0.01    M    M  8.5 29 220   M    M   9        40 250
 5  39  30  35  -5  30   0 0.29    M    M 13.5 25  90   M    M   9 12     33  90
 6  34  30  32  -8  33   0 0.03    M    M 10.7 18  90   M    M  10 1      21  80
 7  49  18  34  -6  31   0 0.00    M    M  5.9 16 330   M    M   1        19 340
 8  52  27  40   0  25   0 0.00    M    M  8.4 30  70   M    M   8        37  60
 9  59  31  45   5  20   0 0.00    M    M  6.3 23 240   M    M   4        29 240
10  62  30  46   5  19   0 0.00    M    M 13.3 23 280   M    M   1        30 280
11  64  36  50   9  15   0 0.13    M    M 22.9 43 240   M    M   5        52 250
12  52  31  42   1  23   0    T    M    M 19.4 36 270   M    M   6        44 280
13  68  36  52  11  13   0 0.00    M    M 17.8 36 220   M    M   0        42 220
14  74  32  53  11  12   0 0.03    M    M 15.5 47 260   M    M   4 1      55 260
15  38  30  34  -8  31   0 0.01    M    M 14.0 28 260   M    M   9 1      32 250
16  55  20  38  -4  27   0 0.00    M    M  4.9 13 220   M    M   0        14 210
17  67  23  45   3  20   0 0.00    M    M  5.3 12 100   M    M   0        15 110
18  59  29  44   2  21   0 0.00    M    M  9.9 31 330   M    M   5        39 330
19  53  28  41  -2  24   0 0.00    M    M  4.9 13  60   M    M   8        19  30
20  64  25  45   2  20   0 0.00    M    M  7.1 21 270   M    M   3        25 260
21  70  27  49   6  16   0 0.00    M    M  6.4 14  70   M    M   1        17  80
22  72  31  52   8  13   0 0.12    M    M  7.0 32 200   M    M   4 1      41 210
23  64  41  53   9  12   0 0.03    M    M  8.1 21 210   M    M   6        26 210
================================================================================
SM 1290  667       510   0  0.66    M    257.3          M      108
================================================================================
AV 56.1 29.0                              11.2 FASTST   M    M   5    MAX(MPH)
                                 MISC ---->  # 47 260               # 55  260
================================================================================
NOTES:
# LAST OF SEVERAL OCCURRENCES

COLUMN 17 PEAK WIND IN M.P.H.

PRELIMINARY LOCAL CLIMATOLOGICAL DATA (WS FORM: F-6) , PAGE 2

                                          STATION:  LIVINGSTON MT
                                          MONTH:    APRIL
                                          YEAR:     2015
                                          LATITUDE:   45 41 N
                                          LONGITUDE: 110 26 W

[TEMPERATURE DATA]      [PRECIPITATION DATA]       SYMBOLS USED IN COLUMN 16

AVERAGE MONTHLY: 42.5   TOTAL FOR MONTH:   0.66    1 = FOG OR MIST
DPTR FM NORMAL:   1.4   DPTR FM NORMAL:   -0.61    2 = FOG REDUCING VISIBILITY
HIGHEST:    74 ON 14    GRTST 24HR  0.30 ON  4- 5      TO 1/4 MILE OR LESS
LOWEST:     18 ON  7                               3 = THUNDER
                        SNOW, ICE PELLETS, HAIL    4 = ICE PELLETS
                        TOTAL MONTH:    M          5 = HAIL
                        GRTST 24HR    M  ON   M    6 = FREEZING RAIN OR DRIZZLE
                        GRTST DEPTH:  M  ON   M    7 = DUSTSTORM OR SANDSTORM:
                                                       VSBY 1/2 MILE OR LESS
                                                   8 = SMOKE OR HAZE
[NO. OF DAYS WITH]      [WEATHER - DAYS WITH]      9 = BLOWING SNOW
                                                   X = TORNADO
MAX 32 OR BELOW:   0    0.01 INCH OR MORE:   9
MAX 90 OR ABOVE:   0    0.10 INCH OR MORE:   3
MIN 32 OR BELOW:  20    0.50 INCH OR MORE:   0
MIN  0 OR BELOW:   0    1.00 INCH OR MORE:   0

[HDD (BASE 65) ]
TOTAL THIS MO.   510    CLEAR  (SCALE 0-3)   8
DPTR FM NORMAL   -39    PTCLDY (SCALE 4-7)  11
TOTAL FM JUL 1  5730    CLOUDY (SCALE 8-10)  4
DPTR FM NORMAL -1078

[CDD (BASE 65) ]
TOTAL THIS MO.     0
DPTR FM NORMAL     0    [PRESSURE DATA]
TOTAL FM JAN 1     0    HIGHEST SLP M ON M
DPTR FM NORMAL     0    LOWEST  SLP 29.48 ON  1

[REMARKS]
