000
CXUS51 KRNK 280658
CF6LWB

PRELIMINARY LOCAL CLIMATOLOGICAL DATA (WS FORM: F-6)

                                          STATION:   LEWISBURG WV
                                          MONTH:     APRIL
                                          YEAR:      2015
                                          LATITUDE:   37 52 N
                                          LONGITUDE:  80 24 W

  TEMPERATURE IN F:       :PCPN:    SNOW:  WIND      :SUNSHINE: SKY     :PK WND
================================================================================
1   2   3   4   5  6A  6B    7    8   9   10  11  12  13   14  15   16   17  18
                                     12Z  AVG MX 2MIN
DY MAX MIN AVG DEP HDD CDD  WTR  SNW DPTH SPD SPD DIR MIN PSBL S-S WX    SPD DR
================================================================================

 1  62  30  46   1  19   0    M  0.0    0  2.5 12 310   M    M   0        16 310
 2  73  32  53   8  12   0    M  0.0    0  8.0 17 210   M    M   3        25 220
 3  64  55  60  14   5   0    M  0.0    0  6.5 16 220   M    M  10 3      26 220
 4  55  34  45  -1  20   0    M  0.0    0  8.9 18 290   M    M   4        31 290
 5  64  26  45  -1  20   0    M  0.0    0  4.0 10 230   M    M   0        20 230
 6  73  35  54   7  11   0    M  0.0    0  4.7 14 210   M    M   6        22 210
 7  65  53  59  12   6   0    M  0.0    0  2.2  9 230   M    M   9 1       M  M
 8  74  53  64  17   1   0    M  0.0    0  3.4 22 200   M    M   8 123    33 340
 9  79  53  66  18   0   1    M  0.0    0  3.7 12 160   M    M   7 123    17 160
10  71  55  63  15   2   0    M  0.0    0  6.7 20 230   M    M   5 1      30 250
11  63  38  51   3  14   0    M  0.0    0  6.1 14 350   M    M   0        18 350
12  72  33  53   4  12   0    M  0.0    0  4.7 12 210   M    M   0        17 210
13  76  44  60  11   5   0    M  0.0    0  6.3 15 190   M    M   3        20 190
14  62  55  59  10   6   0    M  0.0    0  4.5 10  50   M    M  10        16  50
15  56  51  54   4  11   0    M  0.0    0  3.5  8  60   M    M  10 1       M  M
16  54  47  51   1  14   0    M  0.0    0  3.1  9 190   M    M   9        22 190
17  75  51  63  13   2   0    M  0.0    0  2.3  8 290   M    M   6 1       M  M
18  79  48  64  13   1   0    M  0.0    0  1.9  9 240   M    M   1 1       M  M
19  67  55  61  10   4   0    M  0.0    0  6.4 15 100   M    M   8 1      23 110
20  75  48  62  11   3   0    M  0.0    0  8.8 23 220   M    M   6 12     30 230
21  61  42  52   0  13   0    M  0.0    0  8.7 16 270   M    M   5        26 250
22  64  42  53   1  12   0    M  0.0    0  9.1 22 240   M    M   4        37 260
23  58  37  48  -4  17   0    M  0.0    0 10.5 18 270   M    M   1        30 270
24  59  36  48  -5  17   0    M  0.0    0  7.4 14 310   M    M   0        22 310
25  44  38  41 -12  24   0    M  0.0    0  3.2 12  20   M    M   9         M  M
26  54   M   M   M   M   M    M  0.0    0  3.0  7 240   M    M   6 1       M  M
27  54  32  43 -10  22   0    M  0.0    0  4.9 17 320   M    M   6 12     24 350
================================================================================
SM 1753 1123       273   1    M      0.0 145.0          M      136
================================================================================
AV 64.9 43.2                               5.4 FASTST   M    M   5    MAX(MPH)
                                 MISC ---->  # 23 220               # 37  260
================================================================================
NOTES:
# LAST OF SEVERAL OCCURRENCES

COLUMN 17 PEAK WIND IN M.P.H.

PRELIMINARY LOCAL CLIMATOLOGICAL DATA (WS FORM: F-6) , PAGE 2

                                          STATION:  LEWISBURG WV
                                          MONTH:    APRIL
                                          YEAR:     2015
                                          LATITUDE:   37 52 N
                                          LONGITUDE:  80 24 W

[TEMPERATURE DATA]      [PRECIPITATION DATA]       SYMBOLS USED IN COLUMN 16

AVERAGE MONTHLY: 54.1   TOTAL FOR MONTH:      M    1 = FOG OR MIST
DPTR FM NORMAL:   4.8   DPTR FM NORMAL:       M    2 = FOG REDUCING VISIBILITY
HIGHEST:    79 ON 18, 9 GRTST 24HR    M  ON   M        TO 1/4 MILE OR LESS
LOWEST:     26 ON  5                               3 = THUNDER
                        SNOW, ICE PELLETS, HAIL    4 = ICE PELLETS
                        TOTAL MONTH:   0.0 INCH    5 = HAIL
                        GRTST 24HR     0.0         6 = FREEZING RAIN OR DRIZZLE
                        GRTST DEPTH:   0           7 = DUSTSTORM OR SANDSTORM:
                                                       VSBY 1/2 MILE OR LESS
                                                   8 = SMOKE OR HAZE
[NO. OF DAYS WITH]      [WEATHER - DAYS WITH]      9 = BLOWING SNOW
                                                   X = TORNADO
MAX 32 OR BELOW:   0    0.01 INCH OR MORE:   0
MAX 90 OR ABOVE:   0    0.10 INCH OR MORE:   0
MIN 32 OR BELOW:   4    0.50 INCH OR MORE:   0
MIN  0 OR BELOW:   0    1.00 INCH OR MORE:   0

[HDD (BASE 65) ]
TOTAL THIS MO.   273    CLEAR  (SCALE 0-3)   9
DPTR FM NORMAL  -153    PTCLDY (SCALE 4-7)  12
TOTAL FM JUL 1  5181    CLOUDY (SCALE 8-10)  6
DPTR FM NORMAL  -467

[CDD (BASE 65) ]
TOTAL THIS MO.     1
DPTR FM NORMAL     1    [PRESSURE DATA]
TOTAL FM JAN 1     1    HIGHEST SLP M ON M
DPTR FM NORMAL     1    LOWEST  SLP M ON M

[REMARKS]
DUE TO HIGHLY SUSPECT PRECIPITATION VALUES FROM THE AUTOMATED
RAIN GAUGE...ALL LIQUID PRECIPITATION DATA WILL BE CODED AS MISSING.
DUE TO A MISSING LOW TEMPERATURE ON APRIL 26...ALL MONTHLY AND
SEASONAL HDD AND CDD DATA WILL BE CALCULATED WITHOUT DATA FROM THAT
DATE.
