000
CXUS56 KOTX 011500
CF6MWH
PRELIMINARY LOCAL CLIMATOLOGICAL DATA (WS FORM: F-6)

                                          STATION:   MOSES LAKE WA AIRPORT
                                          MONTH:     MARCH
                                          YEAR:      2015
                                          LATITUDE:   47 12 N
                                          LONGITUDE: 119 19 W

  TEMPERATURE IN F:       :PCPN:    SNOW:  WIND      :SUNSHINE: SKY     :PK WND
================================================================================
1   2   3   4   5  6A  6B    7    8   9   10  11  12  13   14  15   16   17  18
                                     12Z  AVG MX 2MIN
DY MAX MIN AVG DEP HDD CDD  WTR  SNW DPTH SPD SPD DIR MIN PSBL S-S WX    SPD DR
================================================================================

 1  49  20  35  -4  30   0 0.00    M    M  5.6 13 160   M    M   1        17 160
 2  51  33  42   2  23   0 0.00    M    M 13.9 31 360   M    M   7        38 360
 3  47  23  35  -5  30   0 0.00    M    M  7.2 20 360   M    M   0        24  10
 4  51  18  35  -5  30   0 0.00    M    M  5.4 13 170   M    M   0        17 180
 5  54  24  39  -1  26   0 0.00    M    M  4.3  9 360   M    M   0        11 230
 6  61  28  45   4  20   0 0.00    M    M  4.3  9 230   M    M   0        11 230
 7  65  30  48   7  17   0 0.00    M    M  4.7 10 350   M    M   0        11  20
 8  65  29  47   6  18   0 0.00    M    M  4.4 12 170   M    M   0        15 190
 9  70  29  50   8  15   0 0.00    M    M  5.2 14 190   M    M   0        18 200
10  67  29  48   6  17   0 0.00    M    M  4.3 12 360   M    M   0        13 360
11  64  44  54  12  11   0 0.02    M    M  7.6 17 180   M    M   6        20 180
12  68  38  53  10  12   0 0.00    M    M  7.5 20 270   M    M   0        25 270
13  67  36  52   9  13   0 0.00    M    M  5.0 13  40   M    M   0        15  30
14  70  48  59  16   6   0 0.02    M    M 10.2 24 210   M    M   8        33 220
15  54  42  48   4  17   0 0.51    M    M  6.4 22 210   M    M   8 1      30 210
16  59  32  46   2  19   0 0.00    M    M  6.4 14 360   M    M   1        18  10
17  55  41  48   4  17   0    T    M    M  6.6 13 360   M    M   6        16 350
18  63  34  49   5  16   0 0.00    M    M  5.3 13 200   M    M   0        16 210
19  61  34  48   4  17   0 0.00    M    M  4.3 12 160   M    M   0        14 140
20  58  37  48   3  17   0 0.00    M    M  2.8  8 300   M    M   3         9 290
21  65  43  54   9  11   0 0.01    M    M 11.3 25 220   M    M   4        31 220
22  57  32  45   0  20   0 0.00    M    M  4.8 12 290   M    M   5        16  50
23  58  40  49   4  16   0 0.00    M    M  8.4 20 190   M    M   4        25 200
24  59  38  49   3  16   0 0.40    M    M  9.6 22 350   M    M   6 1      27 340
25  53  41  47   1  18   0 0.03    M    M  8.1 16 170   M    M   6 1      20 170
26  68  41  55   9  10   0 0.00    M    M  4.4 10 360   M    M   1 1      16 220
27  71  44  58  12   7   0    T    M    M  6.4 17 190   M    M   2        23 200
28  65  45  55   9  10   0 0.00    M    M 14.1 32 250   M    M   1        38 240
29  67  40  54   7  11   0 0.00    M    M  6.7 15 220   M    M   2        18 210
30  67  35  51   4  14   0 0.00    M    M  5.4 16 170   M    M   0        22 160
31  62  42  52   5  13   0 0.00    M    M 16.1 26 270   M    M   2        31 270
================================================================================
SM 1891 1090       517   0  0.99    M    216.7          M       73
================================================================================
AV 61.0 35.2                               7.0 FASTST   M    M   2    MAX(MPH)
                                 MISC ---->  # 32 250               # 38  360
================================================================================
NOTES:
# LAST OF SEVERAL OCCURRENCES

COLUMN 17 PEAK WIND IN M.P.H.

PRELIMINARY LOCAL CLIMATOLOGICAL DATA (WS FORM: F-6) , PAGE 2

                                          STATION:  MOSES LAKE WA AIRPORT
                                          MONTH:    MARCH
                                          YEAR:     2015
                                          LATITUDE:   47 12 N
                                          LONGITUDE: 119 19 W

[TEMPERATURE DATA]      [PRECIPITATION DATA]       SYMBOLS USED IN COLUMN 16

AVERAGE MONTHLY: 48.1   TOTAL FOR MONTH:   0.99    1 = FOG OR MIST
DPTR FM NORMAL:   4.6   DPTR FM NORMAL:    0.21    2 = FOG REDUCING VISIBILITY
HIGHEST:    71 ON 27    GRTST 24HR  0.51 ON 15-15      TO 1/4 MILE OR LESS
LOWEST:     18 ON  4                               3 = THUNDER
                        SNOW, ICE PELLETS, HAIL    4 = ICE PELLETS
                        TOTAL MONTH:    M          5 = HAIL
                        GRTST 24HR    M  ON   M    6 = FREEZING RAIN OR DRIZZLE
                        GRTST DEPTH:  M  ON   M    7 = DUSTSTORM OR SANDSTORM:
                                                       VSBY 1/2 MILE OR LESS
                                                   8 = SMOKE OR HAZE
[NO. OF DAYS WITH]      [WEATHER - DAYS WITH]      9 = BLOWING SNOW
                                                   X = TORNADO
MAX 32 OR BELOW:   0    0.01 INCH OR MORE:   6
MAX 90 OR ABOVE:   0    0.10 INCH OR MORE:   2
MIN 32 OR BELOW:  11    0.50 INCH OR MORE:   1
MIN  0 OR BELOW:   0    1.00 INCH OR MORE:   0

[HDD (BASE 65) ]
TOTAL THIS MO.   517    CLEAR  (SCALE 0-3)  21
DPTR FM NORMAL  -150    PTCLDY (SCALE 4-7)   9
TOTAL FM JUL 1  4275    CLOUDY (SCALE 8-10)  1
DPTR FM NORMAL  -897

[CDD (BASE 65) ]
TOTAL THIS MO.     0
DPTR FM NORMAL     0    [PRESSURE DATA]
TOTAL FM JAN 1     0    HIGHEST SLP 30.49 ON 13
DPTR FM NORMAL     0    LOWEST  SLP 29.74 ON 15

[REMARKS]
#FINAL-03-15#
