000
CXUS56 KPQR 241200
CF6SLE
PRELIMINARY LOCAL CLIMATOLOGICAL DATA (WS FORM: F-6)

                                          STATION:   SALEM OR
                                          MONTH:     APRIL
                                          YEAR:      2015
                                          LATITUDE:   44 55 N
                                          LONGITUDE: 123  0 W

  TEMPERATURE IN F:       :PCPN:    SNOW:  WIND      :SUNSHINE: SKY     :PK WND
================================================================================
1   2   3   4   5  6A  6B    7    8   9   10  11  12  13   14  15   16   17  18
                                     12Z  AVG MX 2MIN
DY MAX MIN AVG DEP HDD CDD  WTR  SNW DPTH SPD SPD DIR MIN PSBL S-S WX    SPD DR
================================================================================

 1  53  40  47  -2  18   0 0.35    M    0  4.9 18 300   M    M   8 3      21 310
 2  58  39  49   0  16   0 0.00  0.0    0  2.5  8 280   M    M   6 1      10 270
 3  52  36  44  -5  21   0 0.21    M    0  5.4 18 180   M    M   5 1      24 170
 4  57  37  47  -2  18   0 0.00  0.0    0  4.2 14 270   M    M   6 12     17 280
 5  55  33  44  -5  21   0 0.10    M    0  5.4 23 210   M    M   5 18     27 220
 6  56  37  47  -2  18   0 0.04    M    0  6.5 26 190   M    M   8        40 200
 7  60  42  51   2  14   0 0.24    M    0  2.3 14 270   M    M  10 13     18 280
 8  59  43  51   2  14   0 0.00  0.0    0  7.5 16 210   M    M   8        20 130
 9  66  38  52   3  13   0 0.00  0.0    0  2.6  8 140   M    M   3 12     11  20
10  61  39  50   0  15   0 0.01    M    0  9.3 18 180   M    M   4        26 210
11  55  40  48  -2  17   0 0.26    M    0  6.5 20 270   M    M   7 1      26 270
12  61  38  50   0  15   0 0.00  0.0    0  4.8 12  40   M    M   2        14  30
13  55  39  47  -3  18   0 0.35    M    0  7.4 24 300   M    M   7 1      31 280
14  53  37  45  -5  20   0 0.19    M    0  6.3 18 210   M    M   7 1      26  80
15  58  33  46  -4  19   0 0.00  0.0    0  4.2 14  20   M    M   3 1      17  20
16  71  36  54   4  11   0 0.00  0.0    0  6.1 16  10   M    M   0        20  10
17  73  40  57   7   8   0 0.00  0.0    0  5.3 17 320   M    M   0        20 320
18  76  40  58   8   7   0 0.00  0.0    0  6.9 16 360   M    M   0        27  70
19  76  42  59   8   6   0 0.00  0.0    0  3.8 12  40   M    M   0        14  10
20  79  43  61  10   4   0 0.00  0.0    0  3.3 17 300   M    M   0        24 300
21  65  43  54   3  11   0 0.04    M    0  7.5 20 300   M    M   5 1      24 280
22  61  38  50  -1  15   0 0.00  0.0    0  4.9 18 300   M    M   4        21 300
23  55  38  47  -4  18   0 0.03    M    0  8.1 23 170   M    M   6 18     29 170
================================================================================
SM 1415  891       337   0  1.82     0.0 125.7          M      104
================================================================================
AV 61.5 38.7                               5.5 FASTST   M    M   5    MAX(MPH)
                                 MISC ---->  # 26 190               # 40  200
================================================================================
NOTES:
# LAST OF SEVERAL OCCURRENCES

COLUMN 17 PEAK WIND IN M.P.H.

PRELIMINARY LOCAL CLIMATOLOGICAL DATA (WS FORM: F-6) , PAGE 2

                                          STATION:  SALEM OR
                                          MONTH:    APRIL
                                          YEAR:     2015
                                          LATITUDE:   44 55 N
                                          LONGITUDE: 123  0 W

[TEMPERATURE DATA]      [PRECIPITATION DATA]       SYMBOLS USED IN COLUMN 16

AVERAGE MONTHLY: 50.1   TOTAL FOR MONTH:   1.82    1 = FOG OR MIST
DPTR FM NORMAL:   0.3   DPTR FM NORMAL:   -0.46    2 = FOG REDUCING VISIBILITY
HIGHEST:    79 ON 20    GRTST 24HR  0.44 ON 13-14      TO 1/4 MILE OR LESS
LOWEST:     33 ON 15, 5                            3 = THUNDER
                        SNOW, ICE PELLETS, HAIL    4 = ICE PELLETS
                        TOTAL MONTH:   0.0 INCH    5 = HAIL
                        GRTST 24HR     0.0         6 = FREEZING RAIN OR DRIZZLE
                        GRTST DEPTH:   0           7 = DUSTSTORM OR SANDSTORM:
                                                       VSBY 1/2 MILE OR LESS
                                                   8 = SMOKE OR HAZE
[NO. OF DAYS WITH]      [WEATHER - DAYS WITH]      9 = BLOWING SNOW
                                                   X = TORNADO
MAX 32 OR BELOW:   0    0.01 INCH OR MORE:  11
MAX 90 OR ABOVE:   0    0.10 INCH OR MORE:   7
MIN 32 OR BELOW:   0    0.50 INCH OR MORE:   0
MIN  0 OR BELOW:   0    1.00 INCH OR MORE:   0

[HDD (BASE 65) ]
TOTAL THIS MO.   337    CLEAR  (SCALE 0-3)   8
DPTR FM NORMAL   -13    PTCLDY (SCALE 4-7)  14
TOTAL FM JUL 1  3219    CLOUDY (SCALE 8-10)  1
DPTR FM NORMAL  -934

[CDD (BASE 65) ]
TOTAL THIS MO.     0
DPTR FM NORMAL     0    [PRESSURE DATA]
TOTAL FM JAN 1     0    HIGHEST SLP M ON M
DPTR FM NORMAL     0    LOWEST  SLP 29.65 ON  5

[REMARKS]
