000
CXUS53 KILX 250900
CF6SPI
PRELIMINARY LOCAL CLIMATOLOGICAL DATA (WS FORM: F-6)

                                          STATION:   SPRINGFIELD IL
                                          MONTH:     APRIL
                                          YEAR:      2015
                                          LATITUDE:   39 50 N
                                          LONGITUDE:  89 41 W

  TEMPERATURE IN F:       :PCPN:    SNOW:  WIND      :SUNSHINE: SKY     :PK WND
================================================================================
1   2   3   4   5  6A  6B    7    8   9   10  11  12  13   14  15   16   17  18
                                     12Z  AVG MX 2MIN
DY MAX MIN AVG DEP HDD CDD  WTR  SNW DPTH SPD SPD DIR MIN PSBL S-S WX    SPD DR
================================================================================

 1  76  42  59  11   6   0    T  0.0    0 14.2 26 170   M    M   1        36 150
 2  72  54  63  14   2   0 0.03  0.0    0 11.6 24 280   M    M   5 3      32 290
 3  58  36  47  -2  18   0 0.06  0.0    0 11.8 26 320   M    M   5        35 340
 4  62  26  44  -5  21   0 0.00  0.0    0  9.8 21 250   M    M   0        27 260
 5  68  41  55   5  10   0 0.00  0.0    0 14.6 23 200   M    M   2        30 210
 6  64  52  58   8   7   0    T  0.0    0  9.8 20 200   M    M  10 1      26 190
 7  74  58  66  16   0   1 0.01  0.0    0  9.0 21  80   M    M   8 128    25  70
 8  78  62  70  19   0   5 0.40  0.0    0 12.1 28 150   M    M   5 135    39 170
 9  81  50  66  15   0   1 0.34  0.0    0 19.0 31 260   M    M   5 13     41 270
10  70  41  56   4   9   0 0.00  0.0    0 17.5 32 260   M    M   2        41 280
11  65  33  49  -3  16   0 0.00  0.0    0  4.7 13 200   M    M   0        18 190
12  69  48  59   7   6   0    T  0.0    0 12.6 23 150   M    M   6        29 150
13  72  54  63  10   2   0 0.03  0.0    0 11.2 23 290   M    M   4 3      31 300
14  68  48  58   5   7   0 0.00  0.0    0  8.4 17  60   M    M   0        22  80
15  75  43  59   6   6   0 0.00  0.0    0 11.7 24 110   M    M   3        31 110
16  75  55  65  11   0   0 0.00  0.0    0  3.8 12 120   M    M   7        15 110
17  79  51  65  11   0   0 0.00  0.0    0  3.0 12 130   M    M   1 1      17 150
18  82  53  68  14   0   3 0.00  0.0    0  7.3 21 160   M    M   0 18     25 150
19  64  55  60   5   5   0 0.82  0.0    0  7.2 18 250   M    M   7 1      23 250
20  58  43  51  -4  14   0    T  0.0    0 17.5 29 270   M    M   8 1      37 280
21  66  40  53  -3  12   0    T  0.0    0 14.4 29 270   M    M   2        40 280
22  57  36  47  -9  18   0 0.01  0.0    0 13.9 29 280   M    M   2        36 280
23  63  30  47  -9  18   0 0.00  0.0    0  8.1 20 310   M    M   0        26 340
24  63  36  50  -7  15   0    T  0.0    0 12.2 25 160   M    M   7        30 170
================================================================================
SM 1659 1087       192  10  1.70     0.0 265.4          M       90
================================================================================
AV 69.1 45.3                              11.1 FASTST   M    M   4    MAX(MPH)
                                 MISC ---->  # 32 260               # 41  270
================================================================================
NOTES:
# LAST OF SEVERAL OCCURRENCES

COLUMN 17 PEAK WIND IN M.P.H.

PRELIMINARY LOCAL CLIMATOLOGICAL DATA (WS FORM: F-6) , PAGE 2

                                          STATION:  SPRINGFIELD IL
                                          MONTH:    APRIL
                                          YEAR:     2015
                                          LATITUDE:   39 50 N
                                          LONGITUDE:  89 41 W

[TEMPERATURE DATA]      [PRECIPITATION DATA]       SYMBOLS USED IN COLUMN 16

AVERAGE MONTHLY: 57.2   TOTAL FOR MONTH:   1.70    1 = FOG OR MIST
DPTR FM NORMAL:   4.8   DPTR FM NORMAL:   -1.03    2 = FOG REDUCING VISIBILITY
HIGHEST:    82 ON 18    GRTST 24HR  0.82 ON 19-19      TO 1/4 MILE OR LESS
LOWEST:     26 ON  4                               3 = THUNDER
                        SNOW, ICE PELLETS, HAIL    4 = ICE PELLETS
                        TOTAL MONTH:   0.0 INCH    5 = HAIL
                        GRTST 24HR     0.0         6 = FREEZING RAIN OR DRIZZLE
                        GRTST DEPTH:   0           7 = DUSTSTORM OR SANDSTORM:
                                                       VSBY 1/2 MILE OR LESS
                                                   8 = SMOKE OR HAZE
[NO. OF DAYS WITH]      [WEATHER - DAYS WITH]      9 = BLOWING SNOW
                                                   X = TORNADO
MAX 32 OR BELOW:   0    0.01 INCH OR MORE:   8
MAX 90 OR ABOVE:   0    0.10 INCH OR MORE:   3
MIN 32 OR BELOW:   2    0.50 INCH OR MORE:   1
MIN  0 OR BELOW:   0    1.00 INCH OR MORE:   0

[HDD (BASE 65) ]
TOTAL THIS MO.   192    CLEAR  (SCALE 0-3)  11
DPTR FM NORMAL  -124    PTCLDY (SCALE 4-7)  11
TOTAL FM JUL 1  5513    CLOUDY (SCALE 8-10)  2
DPTR FM NORMAL   215

[CDD (BASE 65) ]
TOTAL THIS MO.    10
DPTR FM NORMAL    -3    [PRESSURE DATA]
TOTAL FM JAN 1    10    HIGHEST SLP M ON M
DPTR FM NORMAL    -5    LOWEST  SLP 29.35 ON 20

[REMARKS]
