000
CXUS55 KSTO 251455
CF6STO
PRELIMINARY LOCAL CLIMATOLOGICAL DATA (WS FORM: F-6)

                                          STATION:   SACRAMENTO CITY
                                          MONTH:     APRIL
                                          YEAR:      2015
                                          LATITUDE:   38 36 N
                                          LONGITUDE: 121 23 W

  TEMPERATURE IN F:       :PCPN:    SNOW:  WIND      :SUNSHINE: SKY     :PK WND
================================================================================
1   2   3   4   5  6A  6B    7    8   9   10  11  12  13   14  15   16   17  18
                                     12Z  AVG MX 2MIN
DY MAX MIN AVG DEP HDD CDD  WTR  SNW DPTH SPD SPD DIR MIN PSBL S-S WX    SPD DR
================================================================================

 1  72  47  60   2   5   0 0.00  0.0    M   M   0   0   M    M   M         0   0
 2  73  50  62   4   3   0 0.00  0.0    M   M   0   0   M    M   M         0   0
 3  78  44  61   3   4   0 0.00  0.0    M   M   0   0   M    M   M         0   0
 4  73  44  59   0   6   0 0.00  0.0    M   M   0   0   M    M   M         0   0
 5  61  46  54  -5  11   0 0.11    M    M   M   0   0   M    M   M         0   0
 6  65  40  53  -6  12   0 0.00  0.0    M   M   0   0   M    M   M         0   0
 7  59  47  53  -6  12   0 0.75    M    M   M   0   0   M    M   M         0   0
 8  64  42  53  -6  12   0 0.01    M    M   M   0   0   M    M   M         0   0
 9  72  43  58  -1   7   0 0.00  0.0    M   M   0   0   M    M   M         0   0
10  75  47  61   1   4   0 0.00  0.0    M   M   0   0   M    M   M         0   0
11  77  48  63   3   2   0 0.00  0.0    M   M   0   0   M    M   M         0   0
12  83  52  68   8   0   3 0.00  0.0    M   M   0   0   M    M   M         0   0
13  77  52  65   5   0   0 0.00  0.0    M   M   0   0   M    M   M         0   0
14  68  47  58  -2   7   0 0.00  0.0    0   M   0   0   M    M   M         0   0
15  76  50  63   2   2   0 0.00  0.0    M   M   0   0   M    M   M         0   0
16  83  53  68   7   0   3 0.00  0.0    M   M   0   0   M    M   M         0   0
17  85  51  68   7   0   3 0.00  0.0    M   M   0   0   M    M   M         0   0
18  86  53  70   9   0   5 0.00  0.0    M   M   0   0   M    M   M         0   0
19  87  55  71   9   0   6 0.00  0.0    M   M   0   0   M    M   M         0   0
20  81  52  67   5   0   2 0.00  0.0    M   M   0   0   M    M   M         0   0
21  69  52  61  -1   4   0 0.00  0.0    M   M   0   0   M    M   M         0   0
22  80  51  66   4   0   1 0.00  0.0    M   M   0   0   M    M   M         0   0
23  79  52  66   4   0   1 0.00  0.0    M   M   0   0   M    M   M         0   0
24  73  52  63   0   2   0 0.54  0.0    M   M   0   0   M    M   M         0   0
================================================================================
SM 1796 1170        93  24  1.41     0.0     M          M        M
================================================================================
AV 74.8 48.8                                 M FASTST   M    M   2    MAX(MPH)
                                 MISC ---->  #  0   0               #  0    0
================================================================================
NOTES:
# LAST OF SEVERAL OCCURRENCES

COLUMN 17 PEAK WIND IN M.P.H.

PRELIMINARY LOCAL CLIMATOLOGICAL DATA (WS FORM: F-6) , PAGE 2

                                          STATION:  SACRAMENTO CITY
                                          MONTH:    APRIL
                                          YEAR:     2015
                                          LATITUDE:   38 36 N
                                          LONGITUDE: 121 23 W

[TEMPERATURE DATA]      [PRECIPITATION DATA]       SYMBOLS USED IN COLUMN 16

AVERAGE MONTHLY: 61.8   TOTAL FOR MONTH:   1.41    1 = FOG OR MIST
DPTR FM NORMAL:   1.6   DPTR FM NORMAL:    0.31    2 = FOG REDUCING VISIBILITY
HIGHEST:    87 ON 19    GRTST 24HR  0.75 ON  7- 7      TO 1/4 MILE OR LESS
LOWEST:     40 ON  6                               3 = THUNDER
                        SNOW, ICE PELLETS, HAIL    4 = ICE PELLETS
                        TOTAL MONTH:   0.0 INCH    5 = HAIL
                        GRTST 24HR     0.0         6 = FREEZING RAIN OR DRIZZLE
                        GRTST DEPTH:   0           7 = DUSTSTORM OR SANDSTORM:
                                                       VSBY 1/2 MILE OR LESS
                                                   8 = SMOKE OR HAZE
[NO. OF DAYS WITH]      [WEATHER - DAYS WITH]      9 = BLOWING SNOW
                                                   X = TORNADO
MAX 32 OR BELOW:   0    0.01 INCH OR MORE:   4
MAX 90 OR ABOVE:   0    0.10 INCH OR MORE:   3
MIN 32 OR BELOW:   0    0.50 INCH OR MORE:   2
MIN  0 OR BELOW:   0    1.00 INCH OR MORE:   0

[HDD (BASE 65) ]
TOTAL THIS MO.    93    CLEAR  (SCALE 0-3)   0
DPTR FM NORMAL   -42    PTCLDY (SCALE 4-7)   0
TOTAL FM JUL 1  1431    CLOUDY (SCALE 8-10)  0
DPTR FM NORMAL  -793

[CDD (BASE 65) ]
TOTAL THIS MO.    24
DPTR FM NORMAL     5    [PRESSURE DATA]
TOTAL FM JAN 1    60    HIGHEST SLP M ON M
DPTR FM NORMAL    37    LOWEST  SLP 30.11 ON M

[REMARKS]
