000
CXUS54 KFWD 280730
CF6TKI
PRELIMINARY LOCAL CLIMATOLOGICAL DATA (WS FORM: F-6)

                                          STATION:   MCKINNEY
                                          MONTH:     APRIL
                                          YEAR:      2015
                                          LATITUDE:   33 10 N
                                          LONGITUDE:  96 35 W

  TEMPERATURE IN F:       :PCPN:    SNOW:  WIND      :SUNSHINE: SKY     :PK WND
================================================================================
1   2   3   4   5  6A  6B    7    8   9   10  11  12  13   14  15   16   17  18
                                     12Z  AVG MX 2MIN
DY MAX MIN AVG DEP HDD CDD  WTR  SNW DPTH SPD SPD DIR MIN PSBL S-S WX    SPD DR
================================================================================

 1  79  64  72  13   0   7 0.03  0.0    0 13.9 29 160   M    M   5 138    36 170
 2  83  68  76  17   0  11 0.00  0.0    0 20.0 29 170   M    M   5        35 180
 3  73  53  63   4   2   0 0.00  0.0    0 15.9 26 360   M    M   4        33 190
 4  68  44  56  -4   9   0 0.00  0.0    0  7.5 16  20   M    M   0        22  20
 5  58  50  54  -6  11   0 1.13  0.0    0  8.7 14 150   M    M  10 13     17 130
 6  82  57  70  10   0   5 0.01  0.0    0 13.4 24 170   M    M   7 1      29 180
 7  80  70  75  15   0  10 0.00  0.0    0 15.5 25 180   M    M   5        32 190
 8  77  67  72  11   0   7    T  0.0    0 16.6 31 160   M    M   4 1      38 160
 9  82  63  73  12   0   8 0.03  0.0    0 13.7 29 160   M    M   5 13     37 130
10  70  50  60  -1   5   0 0.00  0.0    0  7.1 22  10   M    M   0        27  20
11  73  49  61  -1   4   0 0.00  0.0    0  5.2 13 120   M    M   0        16 140
12  77  60  69   7   0   4    T  0.0    0  8.3 15 140   M    M   8        20 140
13  70  59  65   3   0   0 0.61  0.0    0 12.7 30 360   M    M  10 13     41 360
14  61  54  58  -4   7   0 0.01  0.0    0  7.1 16 360   M    M  10 1      19  10
15  74  57  66   3   0   1 0.00  0.0    0  5.6 12 280   M    M   6        14 270
16  77  55  66   3   0   1    T  0.0    0  6.1 16 150   M    M   4        22 160
17  76  57  67   4   0   2 0.48  0.0    0  6.5 20 280   M    M   5 13     25 290
18  80  58  69   5   0   4 1.39  0.0    0  5.5 35 270   M    M   4 13     48 280
19  75  54  65   1   0   0 0.00  0.0    0 12.8 28 340   M    M   3 1      34 340
20  70  44  57  -7   8   0 0.00  0.0    0  5.7 15 360   M    M   0        20  30
21  69  45  57  -7   8   0 0.18  0.0    0  4.6 20 170   M    M   4 13     22 160
22  74  55  65   0   0   0 0.01  0.0    0  7.7 16  10   M    M   5 1      20  10
23  72  63  68   3   0   3 1.21  0.0    0  8.6 20  40   M    M   9 13     22  30
24  65  62  64  -2   1   0 1.74  0.0    0  8.4 21 140   M    M  10 13     26 140
25  86  53  70   4   0   5 0.00  0.0    0  7.9 23 270   M    M   1 12     28 260
26  82  54  68   2   0   3 0.02  0.0    0  6.1 18 120   M    M   1 38     28 110
27  71  53  62  -4   3   0 0.56  0.0    0 12.9 23 330   M    M   8 13     30 330
================================================================================
SM 2004 1518        58  71  7.41     0.0 264.0          M      133
================================================================================
AV 74.2 56.2                               9.8 FASTST   M    M   5    MAX(MPH)
                                 MISC ---->  # 35 270               # 48  280
================================================================================
NOTES:
# LAST OF SEVERAL OCCURRENCES

COLUMN 17 PEAK WIND IN M.P.H.

PRELIMINARY LOCAL CLIMATOLOGICAL DATA (WS FORM: F-6) , PAGE 2

                                          STATION:  MCKINNEY
                                          MONTH:    APRIL
                                          YEAR:     2015
                                          LATITUDE:   33 10 N
                                          LONGITUDE:  96 35 W

[TEMPERATURE DATA]      [PRECIPITATION DATA]       SYMBOLS USED IN COLUMN 16

AVERAGE MONTHLY: 65.2   TOTAL FOR MONTH:   7.41    1 = FOG OR MIST
DPTR FM NORMAL:   2.7   DPTR FM NORMAL:    4.39    2 = FOG REDUCING VISIBILITY
HIGHEST:    86 ON 25    GRTST 24HR  1.74 ON 24-24      TO 1/4 MILE OR LESS
LOWEST:     44 ON 20, 4                            3 = THUNDER
                        SNOW, ICE PELLETS, HAIL    4 = ICE PELLETS
                        TOTAL MONTH:   0.0 INCH    5 = HAIL
                        GRTST 24HR     0.0         6 = FREEZING RAIN OR DRIZZLE
                        GRTST DEPTH:   0           7 = DUSTSTORM OR SANDSTORM:
                                                       VSBY 1/2 MILE OR LESS
                                                   8 = SMOKE OR HAZE
[NO. OF DAYS WITH]      [WEATHER - DAYS WITH]      9 = BLOWING SNOW
                                                   X = TORNADO
MAX 32 OR BELOW:   0    0.01 INCH OR MORE:  14
MAX 90 OR ABOVE:   0    0.10 INCH OR MORE:   8
MIN 32 OR BELOW:   0    0.50 INCH OR MORE:   6
MIN  0 OR BELOW:   0    1.00 INCH OR MORE:   4

[HDD (BASE 65) ]
TOTAL THIS MO.    58    CLEAR  (SCALE 0-3)   7
DPTR FM NORMAL   -64    PTCLDY (SCALE 4-7)  14
TOTAL FM JUL 1  2624    CLOUDY (SCALE 8-10)  6
DPTR FM NORMAL     0

[CDD (BASE 65) ]
TOTAL THIS MO.    71
DPTR FM NORMAL    18    [PRESSURE DATA]
TOTAL FM JAN 1    99    HIGHEST SLP M ON M
DPTR FM NORMAL    24    LOWEST  SLP 29.48 ON 26

[REMARKS]
