000
CXUS55 KVEF 070756 CCA
CLABIH

RNOCLMBIH 000
TTAA00 KVEF 030114


CLIMATE REPORT
NATIONAL WEATHER SERVICE LAS VEGAS, NV
1156 PM PST TUE JAN 6 2015

...................................

...THE BISHOP CA CLIMATE SUMMARY FOR THE YEAR OF 2014...

CLIMATE NORMAL PERIOD 1981 TO 2010
CLIMATE RECORD PERIOD 1943 TO 2015

WEATHER         OBSERVED          NORMAL  DEPART  LAST YEAR`S
                 VALUE   DATE(S)  VALUE   FROM    VALUE  DATE(S)
                                          NORMAL
................................................................
TEMPERATURE (F)
RECORD
 HIGH             110   07/10/2002
 LOW               -8   12/22/1990
                        12/27/1988
HIGHEST           107   07/13        74      33      109  07/01
                                                          06/30
LOWEST              6   12/29        38     -32        3  01/13
AVG. MAXIMUM     78.6              75.0     3.6     76.7
AVG. MINIMUM     40.4              38.1     2.3     38.5
MEAN             59.5              56.6     2.9     57.6
DAYS MAX >= 90    120              99.9    20.1      109
DAYS MAX <= 32      0               0.4    -0.4        0
DAYS MIN <= 32    114             133.7   -19.7      142
DAYS MIN <= 0       0               0.2    -0.2        0

PRECIPITATION (INCHES)
RECORD
 MAXIMUM        17.09   1969
 MINIMUM         0.80   1947
TOTALS           3.23              5.18   -1.95     1.33
DAILY AVG.          T              0.01   -0.01        T
DAYS >= .01        22              27.6    -5.6       14
DAYS >= .10         6              12.3    -6.3        6
DAYS >= .50         2               2.7    -0.7        0
DAYS >= 1.00        0               0.6    -0.6        0
GREATEST
 24 HR. TOTAL    0.95  02/28
 STORM TOTAL     0.95  02/28

SNOWFALL (INCHES)
RECORDS
 TOTAL           57.1   1969
 24 HR TOTAL     18.0   01/24/1969 TO 01/25/1969
 SNOW DEPTH        22   01/25/1969
TOTALS            0.1               6.8    -6.7      0.5
 LIQUID EQUIV    0.01                MM      MM     0.05
SINCE 7/1         0.0               1.7    -1.7      0.5
 LIQUID 7/1      0.00              0.20   -0.20     0.05
SNOWDEPTH AVG.      0                MM      MM        0
DAYS >= TRACE       3               3.6    -0.6        4
DAYS >= 1.0         0               1.9    -1.9        0
GREATEST
 SNOW DEPTH         T   04/01                          1  01/02
                                                          01/01
 24 HR TOTAL      0.1   04/01
 STORM TOTAL      0.1                                0.5
 (MM/DD(HH))

DEGREE_DAYS
HEATING TOTAL    3286              4178    -892     2701
COOLING TOTAL    1384              1104     280     1317
 SINCE 1/1       1384              1104     280     1317

FREEZE DATES
RECORD
 EARLIEST     09/20/1986
 LATEST       06/07/1988
EARLIEST                        10/15
LATEST                          05/03
..................................................

WIND (MPH)
AVERAGE WIND SPEED              8.0
RESULTANT WIND SPEED/DIRECTION   2/327
HIGHEST WIND SPEED/DIRECTION    48/360    DATE  12/24
HIGHEST GUST SPEED/DIRECTION    59/010    DATE  12/24

SKY COVER
POSSIBLE SUNSHINE (PERCENT)   MM
AVERAGE SKY COVER           0.10
NUMBER OF DAYS FAIR          335
NUMBER OF DAYS PC             26
NUMBER OF DAYS CLOUDY          4

AVERAGE RH (PERCENT)     34

WEATHER CONDITIONS. NUMBER OF DAYS WITH
THUNDERSTORM              0     MIXED PRECIP               0
HEAVY RAIN                4     RAIN                       5
LIGHT RAIN               51     FREEZING RAIN              0
LT FREEZING RAIN          0     HAIL                       0
HEAVY SNOW                0     SNOW                       0
LIGHT SNOW                3     SLEET                      0
FOG                      12     FOG W/VIS <= 1/4 MILE      1
HAZE                     13

-  INDICATES NEGATIVE NUMBERS.
R  INDICATES RECORD WAS SET OR TIED.
MM INDICATES DATA IS MISSING.
T  INDICATES TRACE AMOUNT.

&&

AT THE EASTERN SIERRA REGIONAL AIRPORT, THE AVERAGE TEMPERATURE FOR
ALL OF 2014 WAS 59.5 DEGREES. THIS EASILY TOOK OUT THE OLD RECORD OF
57.9 DEGREES SET BACK IN 1950. THE AVERAGE HIGH WAS 78.6 WHICH BEAT
OUT THE 77.0 IN 1950 FOR THE WARMEST ON RECORD. THE AVERAGE LOW WAS
40.4 WHICH SURPASSED THE 39.7 DEGREES SET IN 1981 FOR THE WARMEST
AVERAGE LOW TEMPERATURE EVER ON RECORD. OFFICIAL RECORDS FOR BISHOP
DATE TO 1943.

$$
