000
CDUS46 KMFR 040838
CLIAAT


CLIMATE REPORT
NATIONAL WEATHER SERVICE MEDFORD, OR
138 AM PDT MON MAY 4 2015


...................................

...THE ALTURAS CA CLIMATE SUMMARY FOR MAY 3 2015...

CLIMATE NORMAL PERIOD 1981 TO 2010
CLIMATE RECORD PERIOD 1905 TO 2015


WEATHER ITEM   OBSERVED TIME   RECORD YEAR NORMAL DEPARTURE LAST
                VALUE   (LST)  VALUE       VALUE  FROM      YEAR
                                                  NORMAL
..................................................................
TEMPERATURE (F)
 YESTERDAY
  MAXIMUM         77    304 PM  85    1966  63     14       71
  MINIMUM         32    418 AM  22    1996  33     -1       36
  AVERAGE         55                        48      7       54

PRECIPITATION (IN)
  YESTERDAY        0.00          0.38 2003   0.05  -0.05     0.00
  MONTH TO DATE    0.00                      0.15  -0.15     0.00
  SINCE OCT 1      6.72                     10.84  -4.12     5.01
  SINCE JAN 1      2.21                      6.33  -4.12     4.38

SNOWFALL (IN)
  YESTERDAY       MM                        MM     MM       MM
  MONTH TO DATE   MM                        MM     MM       MM
  SINCE JUL 1     MM                        MM     MM        0.0
  SNOW DEPTH      MM

DEGREE DAYS
 HEATING
  YESTERDAY       10                        17     -7       11
  MONTH TO DATE   29                        51    -22       28
  SINCE MAR 1   1255                      1528   -273     1312
  SINCE JUL 1   4882                      6395  -1513     6077

 COOLING
  YESTERDAY        0                         0      0        0
  MONTH TO DATE    0                         0      0        0
  SINCE MAR 1      0                         0      0        0
  SINCE JAN 1      0                         0      0        0
..................................................................


WIND (MPH)
  HIGHEST WIND SPEED    20   HIGHEST WIND DIRECTION     W (260)
  HIGHEST GUST SPEED    25   HIGHEST GUST DIRECTION     W (250)
  AVERAGE WIND SPEED     5.0


SKY COVER
  POSSIBLE SUNSHINE  MM
  AVERAGE SKY COVER 0.1


WEATHER CONDITIONS
 THE FOLLOWING WEATHER WAS RECORDED YESTERDAY.
  NO SIGNIFICANT WEATHER WAS OBSERVED.


RELATIVE HUMIDITY (PERCENT)
 HIGHEST    82           300 AM
 LOWEST     18           300 PM
 AVERAGE    50

..........................................................


THE ALTURAS CA CLIMATE NORMALS FOR TODAY
                         NORMAL    RECORD    YEAR
 MAXIMUM TEMPERATURE (F)   64        90      1966
 MINIMUM TEMPERATURE (F)   33        17      1985


SUNRISE AND SUNSET
MAY  4 2015...........SUNRISE   556 AM PDT   SUNSET   803 PM PDT
MAY  5 2015...........SUNRISE   554 AM PDT   SUNSET   804 PM PDT


-  INDICATES NEGATIVE NUMBERS.
R  INDICATES RECORD WAS SET OR TIED.
MM INDICATES DATA IS MISSING.
T  INDICATES TRACE AMOUNT.




$$
