000
CDUS41 KPHI 010628
CLIABE


CLIMATE REPORT
NATIONAL WEATHER SERVICE MOUNT HOLLY NJ
228 AM EDT WED APR 1 2015


...................................

...THE ALLENTOWN PA CLIMATE SUMMARY FOR MARCH 31 2015...

CLIMATE NORMAL PERIOD 1981 TO 2010
CLIMATE RECORD PERIOD 1922 TO 2015


WEATHER ITEM   OBSERVED TIME   RECORD YEAR NORMAL DEPARTURE LAST
                VALUE   (LST)  VALUE       VALUE  FROM      YEAR
                                                  NORMAL
..................................................................
TEMPERATURE (F)
 YESTERDAY
  MAXIMUM         45   1210 PM  86    1998  55    -10       54
  MINIMUM         32    250 AM  11    1923  34     -2       35
  AVERAGE         39                        44     -5       45

PRECIPITATION (IN)
  YESTERDAY        0.18          1.22 1980   0.12   0.06     0.05
  MONTH TO DATE    4.47                      3.39   1.08     2.44
  SINCE MAR 1      4.47                      3.39   1.08     2.44
  SINCE JAN 1      9.02                      9.12  -0.10    11.43

SNOWFALL (IN)
  YESTERDAY        0.4           4.1  1997   0.1    0.3       T
  MONTH TO DATE   17.8                       4.9   12.9      1.1
  SINCE MAR 1     17.8                       4.9   12.9      1.1
  SINCE JUL 1     50.1                      31.9   18.2     67.8
  SNOW DEPTH       0

DEGREE DAYS
 HEATING
  YESTERDAY       26                        21      5       20
  MONTH TO DATE  954                       804    150      962
  SINCE MAR 1    954                       803    151      962
  SINCE JUL 1   5435                      5112    323     5560

 COOLING
  YESTERDAY        0                         0      0        0
  MONTH TO DATE    0                         0      0        0
  SINCE MAR 1      0                         0      0        0
  SINCE JAN 1      0                         0      0        0
..................................................................


WIND (MPH)
  HIGHEST WIND SPEED    14   HIGHEST WIND DIRECTION    NE (50)
  HIGHEST GUST SPEED    16   HIGHEST GUST DIRECTION    NW (320)
  AVERAGE WIND SPEED     6.0


SKY COVER
  POSSIBLE SUNSHINE  MM
  AVERAGE SKY COVER 0.6


WEATHER CONDITIONS
 THE FOLLOWING WEATHER WAS RECORDED YESTERDAY.
  RAIN
  LIGHT RAIN
  LIGHT SNOW
  FOG


RELATIVE HUMIDITY (PERCENT)
 HIGHEST    96           600 PM
 LOWEST     41          1100 AM
 AVERAGE    69

..........................................................


THE ALLENTOWN PA CLIMATE NORMALS FOR TODAY
                         NORMAL    RECORD    YEAR
 MAXIMUM TEMPERATURE (F)   56        84      1978
 MINIMUM TEMPERATURE (F)   34        12      1923


SUNRISE AND SUNSET
APRIL  1 2015.........SUNRISE   646 AM EDT   SUNSET   726 PM EDT
APRIL  2 2015.........SUNRISE   644 AM EDT   SUNSET   727 PM EDT


-  INDICATES NEGATIVE NUMBERS.
R  INDICATES RECORD WAS SET OR TIED.
MM INDICATES DATA IS MISSING.
T  INDICATES TRACE AMOUNT.




$$
