000
CDUS44 KSJT 032231
CLIABI


CLIMATE REPORT
NATIONAL WEATHER SERVICE SAN ANGELO TX
531 PM CDT SUN MAY 3 2015


...................................

...THE ABILENE CLIMATE SUMMARY FOR MAY 3 2015...
VALID TODAY AS OF 0500 PM LOCAL TIME.

CLIMATE NORMAL PERIOD 1981 TO 2010
CLIMATE RECORD PERIOD 1886 TO 2015


WEATHER ITEM   OBSERVED TIME   RECORD YEAR NORMAL DEPARTURE LAST
                VALUE   (LST)  VALUE       VALUE  FROM      YEAR
                                                  NORMAL
..................................................................
TEMPERATURE (F)
 TODAY
  MAXIMUM         84    427 PM  99    1920  82      2       93
  MINIMUM         57    627 AM  33    2013  57      0       50
  AVERAGE         71                        70      1       72

PRECIPITATION (IN)
  TODAY            0.00          2.80 1913   0.09  -0.09     0.00
  MONTH TO DATE    0.00                      0.26  -0.26     0.00
  SINCE MAR 1      3.78                      3.64   0.14     1.28
  SINCE JAN 1      7.29                      6.02   1.27     1.77

DEGREE DAYS
 HEATING
  TODAY            0                         1     -1        0
  MONTH TO DATE    0                         3     -3        8
  SINCE MAR 1    389                       412    -23      443
  SINCE JUL 1   2466                      2545    -79     2805

 COOLING
  TODAY            6                         6      0        7
  MONTH TO DATE   13                        17     -4        7
  SINCE MAR 1    180                       145     35      202
  SINCE JAN 1    184                       150     34      207
..................................................................


WIND (MPH)
  HIGHEST WIND SPEED    20   HIGHEST WIND DIRECTION     S (160)
  HIGHEST GUST SPEED    35   HIGHEST GUST DIRECTION    SE (150)
  AVERAGE WIND SPEED    12.3


SKY COVER
  POSSIBLE SUNSHINE  MM
  AVERAGE SKY COVER 0.0


WEATHER CONDITIONS
 THE FOLLOWING WEATHER WAS RECORDED TODAY.
  NO SIGNIFICANT WEATHER WAS OBSERVED.


RELATIVE HUMIDITY (PERCENT)
 HIGHEST    86           600 AM
 LOWEST     40           300 PM
 AVERAGE    63

..........................................................


THE ABILENE CLIMATE NORMALS FOR TOMORROW
                         NORMAL    RECORD    YEAR
 MAXIMUM TEMPERATURE (F)   82       101      1947
 MINIMUM TEMPERATURE (F)   58        33      1907


SUNRISE AND SUNSET
MAY  3 2015...........SUNRISE   650 AM CDT   SUNSET   821 PM CDT
MAY  4 2015...........SUNRISE   650 AM CDT   SUNSET   822 PM CDT


-  INDICATES NEGATIVE NUMBERS.
R  INDICATES RECORD WAS SET OR TIED.
MM INDICATES DATA IS MISSING.
T  INDICATES TRACE AMOUNT.




$$
