000
CDUS45 KABQ 070012
CLIABQ


CLIMATE REPORT
NATIONAL WEATHER SERVICE ALBUQUERQUE NM
610 PM MDT WED MAY 6 2015


...................................

...THE ALBUQUERQUE  NM CLIMATE SUMMARY FOR MAY 6 2015...
VALID TODAY AS OF 0500 PM LOCAL TIME.

CLIMATE NORMAL PERIOD 1981 TO 2010
CLIMATE RECORD PERIOD 1891 TO 2015


WEATHER ITEM   OBSERVED TIME   RECORD YEAR NORMAL DEPARTURE LAST
                VALUE   (LST)  VALUE       VALUE  FROM      YEAR
                                                  NORMAL
..................................................................
TEMPERATURE (F)
 TODAY
  MAXIMUM         71    214 PM  92    1947  76     -5       81
  MINIMUM         51    305 AM  29    1975  50      1       50
  AVERAGE         61                        62     -1       66

PRECIPITATION (IN)
  TODAY            0.16          0.68 1969   0.01   0.15
  MONTH TO DATE    0.98                      0.09   0.89
  SINCE MAR 1      1.45                      1.27   0.18
  SINCE JAN 1      2.76                      2.13   0.63

SNOWFALL (IN)
  TODAY            0.0
  MONTH TO DATE    0.0
  SINCE MAR 1      T
  SINCE JUL 1     15.2
  SNOW DEPTH       0

DEGREE DAYS
 HEATING
  TODAY            4                         4      0        0
  MONTH TO DATE   17                        26     -9       20
  SINCE MAR 1    622                       827   -205      744
  SINCE JUL 1   3543                      4130   -587     3887

 COOLING
  TODAY            0                         1     -1        1
  MONTH TO DATE    4                         6     -2        9
  SINCE MAR 1      4                        13     -9       15
  SINCE JAN 1      4                        13     -9       15
..................................................................


WIND (MPH)
  HIGHEST WIND SPEED    31   HIGHEST WIND DIRECTION    SW (220)
  HIGHEST GUST SPEED    44   HIGHEST GUST DIRECTION     W (250)
  AVERAGE WIND SPEED     8.1


SKY COVER
  POSSIBLE SUNSHINE  MM
  AVERAGE SKY COVER 0.7



RELATIVE HUMIDITY (PERCENT)
 HIGHEST    83           300 AM
 LOWEST     28           200 PM
 AVERAGE    56

..........................................................


THE ALBUQUERQUE  NM CLIMATE NORMALS FOR TOMORROW
                         NORMAL    RECORD    YEAR
 MAXIMUM TEMPERATURE (F)   76        92      1989
 MINIMUM TEMPERATURE (F)   50        25      1917


SUNRISE AND SUNSET
MAY  6 2015...........SUNRISE   611 AM MDT   SUNSET   756 PM MDT
MAY  7 2015...........SUNRISE   610 AM MDT   SUNSET   757 PM MDT


-  INDICATES NEGATIVE NUMBERS.
R  INDICATES RECORD WAS SET OR TIED.
MM INDICATES DATA IS MISSING.
T  INDICATES TRACE AMOUNT.




$$
