000
CDUS42 KTAE 260632
CLIABY


CLIMATE REPORT
NATIONAL WEATHER SERVICE TALLAHASSEE FL
231 AM EDT SUN APR 26 2015


...................................

...THE ALBANY CLIMATE SUMMARY FOR APRIL 25 2015...

CLIMATE NORMAL PERIOD 1981 TO 2010
CLIMATE RECORD PERIOD 1930 TO 2015


WEATHER ITEM   OBSERVED TIME   RECORD YEAR NORMAL DEPARTURE LAST
                VALUE   (LST)  VALUE       VALUE  FROM      YEAR
                                                  NORMAL
..................................................................
TEMPERATURE (F)
 YESTERDAY
  MAXIMUM         84    452 PM  92    1958  82      2       85
  MINIMUM         64    349 AM  37    1986  56      8       64
  AVERAGE         74                        69      5       75

PRECIPITATION (IN)
  YESTERDAY        0.65                      0.09   0.56      T
  MONTH TO DATE    4.71                      3.25   1.46     6.10
  SINCE MAR 1      6.88                      8.30  -1.42     8.90
  SINCE JAN 1     14.21                     17.28  -3.07    14.14

SNOWFALL (IN)
  YESTERDAY        0.0

DEGREE DAYS
 HEATING
  YESTERDAY        0                         1     -1        0
  MONTH TO DATE    0                        62    -62       70
  SINCE MAR 1    118                       271   -153      338
  SINCE JUL 1   1842                      1831     11     1934

 COOLING
  YESTERDAY        9                         5      4       10
  MONTH TO DATE  165                        76     89       60
  SINCE MAR 1    231                       105    126       63
  SINCE JAN 1    233                       114    119       67
..................................................................


WIND (MPH)
  HIGHEST WIND SPEED    26   HIGHEST WIND DIRECTION    NW (300)
  HIGHEST GUST SPEED    36   HIGHEST GUST DIRECTION    NW (300)
  AVERAGE WIND SPEED     9.9




RELATIVE HUMIDITY (PERCENT)
 HIGHEST   100
 LOWEST     65
 AVERAGE    83

..........................................................


THE ALBANY CLIMATE NORMALS FOR TODAY
                         NORMAL    RECORD    YEAR
 MAXIMUM TEMPERATURE (F)   82        91      1958
 MINIMUM TEMPERATURE (F)   56        39      1968


SUNRISE AND SUNSET
APRIL 26 2015.........SUNRISE   657 AM EDT   SUNSET   813 PM EDT
APRIL 27 2015.........SUNRISE   656 AM EDT   SUNSET   814 PM EDT


-  INDICATES NEGATIVE NUMBERS.
R  INDICATES RECORD WAS SET OR TIED.
MM INDICATES DATA IS MISSING.
T  INDICATES TRACE AMOUNT.




$$
