000
CDAK48 PADQ 250916
CLIADQ

CLIMATE REPORT
NATIONAL WEATHER SERVICE KODIAK, AK
116 AM AKDT SAT APR 25 2015

...................................
...THE KODIAK AP CLIMATE SUMMARY FOR APRIL 24 2015...

CLIMATE NORMAL PERIOD  1981 TO  2010
CLIMATE RECORD PERIOD  1949 TO  2015

WEATHER ITEM   OBSERVED TIME    RECORD YEAR NORMAL DEPARTURE LAST
               VALUE    (LST)   VALUE       VALUE  FROM      YEAR
                                                   NORMAL
...................................................................
TEMPERATURE
YESTERDAY
 MAXIMUM            44  0307 PM    56  2005     45      -1     45
 MINIMUM            39  1146 PM    22  1955     34       5     39
 AVERAGE            42                          40       2     42

PRECIPITATION
(INCHES)
 YESTERDAY        0.06           1.18  1997   0.19   -0.13      T
 MONTH TO DATE    4.73                        4.69    0.04   6.18
 SINCE MAR 1     12.26                       10.22    2.04  10.14
 SINCE JAN 1     31.18                       24.65    6.53  31.39

SNOWFALL
(INCHES)
 YESTERDAY         0.0            2.6  1975    0.1    -0.1     MM
 MONTH TO DATE     3.2                         7.3    -4.1     MM
 SINCE MAR 1       4.7                        18.6   -13.9   12.4
 SINCE JUL 1      20.1                        68.0   -47.9     MM
 SNOW DEPTH (IN)     0                                         MM

DEGREE DAYS
 HEATING
  YESTERDAY         23                          25      -2     23
  MONTH TO DATE    645                         674     -29    629
  SINCE MAR 1     1521                        1672    -151   1599
  SINCE JUL 1     6439                        7545   -1106   6885

 COOLING
  YESTERDAY          0                           0       0      0
  MONTH TO DATE      0                           0       0      0
  SINCE MAR 1        0                           0       0      0
  SINCE JAN 1        0                           0       0      0
...................................................................

WIND (MPH)
 HIGHEST WIND SPEED    23     HIGHEST WIND DIRECTION    110
 HIGHEST GUST SPEED    26     HIGHEST GUST DIRECTION    110
 AVERAGE WIND SPEED  10.5

SKY COVER
  POSSIBLE SUNSHINE    MM          AVERAGE SKY COVER     MM

WEATHER CONDITIONS
 THE FOLLOWING WEATHER WAS RECORDED YESTERDAY.
  FOG
RAIN


RELATIVE HUMIDITY
 HIGHEST RH     MM PERCENT       MM
 LOWEST  RH     MM PERCENT       MM
 AVERAGE RH     MM PERCENT       MM
...................................................................

THE KODIAK CLIMATE NORMALS FOR TODAY
                           NORMAL    RECORD   YEAR
 MAXIMUM TEMPERATURE (F)     45        59     2012
 MINIMUM TEMPERATURE (F)     34        23     1967

SUNRISE AND SUNSET
 APR 25 2015..........SUNRISE  6:34 AM      SUNSET  9:44 PM
 APR 26 2015..........SUNRISE  6:32 AM      SUNSET  9:46 PM

-  INDICATES NEGATIVE NUMBERS.
R  INDICATES RECORD HAS BEEN SET OR TIED.
MM INDICATES DATA IS MISSING.
T  INDICATES TRACE OF PRECIPITATION.

&&
-------------------------------------------------------------------

AMOUNT OF DAYLIGHT TODAY  (HOUR:MIN)........15 HOURS 10 MINUTES
GAIN/LOSS SINCE YESTERDAY (HOUR:MIN:SEC)....+0:04:46

$$
*** APR 15
