000
CDUS44 KLCH 252206
CLIAEX


CLIMATE REPORT
NATIONAL WEATHER SERVICE LAKE CHARLES, LA
506 PM CDT SAT APR 25 2015


...................................

...THE ALEXANDRIA CLIMATE SUMMARY FOR APRIL 25 2015...
VALID TODAY AS OF 0500 PM LOCAL TIME.

CLIMATE NORMAL PERIOD 1981 TO 2010
CLIMATE RECORD PERIOD 1892 TO 2015


WEATHER ITEM   OBSERVED TIME   RECORD YEAR NORMAL DEPARTURE LAST
                VALUE   (LST)  VALUE       VALUE  FROM      YEAR
                                                  NORMAL
..................................................................
TEMPERATURE (F)
 TODAY
  MAXIMUM         82    320 PM  93    1925  81      1       84
  MINIMUM         71    408 AM  32    1910  57     14       56
  AVERAGE         77                        69      8       70

PRECIPITATION (IN)
  TODAY            0.04          3.16 1946   0.09  -0.05     0.00
  MONTH TO DATE    6.24                      3.94   2.30     2.99
  SINCE MAR 1     12.04                      8.99   3.05     6.90
  SINCE JAN 1     17.14                     18.67  -1.53    13.28

SNOWFALL (IN)
  TODAY            0.0           0.0    MM  MM     MM        0.0
  MONTH TO DATE    0.0                      MM     MM        0.0
  SINCE MAR 1      0.3                      MM     MM        0.2
  SINCE JUL 1      0.3                      MM     MM        5.0
  SNOW DEPTH       0

DEGREE DAYS
 HEATING
  TODAY            0                         1     -1        0
  MONTH TO DATE   16                        63    -47       81
  SINCE MAR 1    197                       278    -81      398
  SINCE JUL 1   2048                      1943    105     2414

 COOLING
  TODAY           12                         5      7        5
  MONTH TO DATE  131                        79     52       73
  SINCE MAR 1    175                       115     60       86
  SINCE JAN 1    176                       132     44       97
..................................................................


WIND (MPH)
  HIGHEST WIND SPEED    21   HIGHEST WIND DIRECTION    SE (130)
  HIGHEST GUST SPEED    24   HIGHEST GUST DIRECTION    SE (130)
  AVERAGE WIND SPEED     6.9


SKY COVER
  POSSIBLE SUNSHINE  MM
  AVERAGE SKY COVER 0.3


WEATHER CONDITIONS
 THE FOLLOWING WEATHER WAS RECORDED TODAY.
  THUNDERSTORM
  LIGHT RAIN
  FOG


RELATIVE HUMIDITY (PERCENT)
 HIGHEST   100           100 AM
 LOWEST     58           200 PM
 AVERAGE    79

..........................................................


THE ALEXANDRIA CLIMATE NORMALS FOR TOMORROW
                         NORMAL    RECORD    YEAR
 MAXIMUM TEMPERATURE (F)   81        91      1944
                                             1925
 MINIMUM TEMPERATURE (F)   58        35      1910


SUNRISE AND SUNSET
APRIL 25 2015.........SUNRISE   631 AM CDT   SUNSET   745 PM CDT
APRIL 26 2015.........SUNRISE   630 AM CDT   SUNSET   746 PM CDT


-  INDICATES NEGATIVE NUMBERS.
R  INDICATES RECORD WAS SET OR TIED.
MM INDICATES DATA IS MISSING.
T  INDICATES TRACE AMOUNT.




$$
