000
CDAK48 PAKN 070007
CLIAKN

CLIMATE REPORT
NATIONAL WEATHER SERVICE KING SALMON, AK
407 PM AKDT WED MAY 6 2015

...................................
...THE KING SALMON AP CLIMATE SUMMARY FOR MAY 6 2015...
VALID TODAY AS OF 2:00 PM LOCAL TIME

CLIMATE NORMAL PERIOD  1981 TO  2010
CLIMATE RECORD PERIOD  1917 TO  2015

WEATHER ITEM   OBSERVED TIME    RECORD YEAR NORMAL DEPARTURE LAST
               VALUE    (LST)   VALUE       VALUE  FROM      YEAR
                                                   NORMAL
...................................................................
TEMPERATURE
TODAY
 MAXIMUM            52  0241 PM    68  2004     51       1     53
 MINIMUM            38  1235 AM    21  1949     32       6     41
 AVERAGE            45                          41       4     47

PRECIPITATION
(INCHES)
 TODAY               T           0.47  1976   0.04   -0.04   0.29
 MONTH TO DATE    0.84                        0.21    0.63   0.41
 SINCE MAR 1      3.97                        1.88    2.09   1.69
 SINCE JAN 1      4.76                        3.66    1.10   3.50

SNOWFALL
(INCHES)
 TODAY             0.0            1.6  1968    0.1    -0.1    0.0
 MONTH TO DATE     0.0                         0.3    -0.3    0.0
 SINCE MAR 1      12.4                        10.6     1.8    9.3
 SINCE JUL 1      26.1                        46.1   -20.0   36.0
 SNOW DEPTH (IN)     0                                          0

DEGREE DAYS
 HEATING
  TODAY             20                          24      -4     18
  MONTH TO DATE    128                         147     -19    109
  SINCE MAR 1     2053                        2352    -299   2156
  SINCE JUL 1     8250                        9970   -1720   8516

 COOLING
  TODAY              0                           0       0      0
  MONTH TO DATE      0                           0       0      0
  SINCE MAR 1        0                           0       0      0
  SINCE JAN 1        0                           0       0      0
...................................................................

WIND (MPH)
 HIGHEST WIND SPEED    23     HIGHEST WIND DIRECTION     90
 HIGHEST GUST SPEED    32     HIGHEST GUST DIRECTION     90
 AVERAGE WIND SPEED    MM

SKY COVER
  POSSIBLE SUNSHINE  MM            AVERAGE SKY COVER MM

WEATHER CONDITIONS
 THE FOLLOWING WEATHER WAS RECORDED TODAY.
RAIN


RELATIVE HUMIDITY
 HIGHEST RH     MM PERCENT       MM
 LOWEST  RH     MM PERCENT       MM
 AVERAGE RH     MM PERCENT       MM
...................................................................

THE KING SALMON CLIMATE NORMALS FOR TOMORROW
                        NORMAL    RECORD   YEAR
 MAXIMUM TEMPERATURE      51        72     1981
 MINIMUM TEMPERATURE      32        20     1952

SUNRISE AND SUNSET
 MAY 6 2015..........SUNRISE  6:19 AM      SUNSET 10:30 PM
 MAY 7 2015..........SUNRISE  6:17 AM      SUNSET 10:32 PM

-  INDICATES NEGATIVE NUMBERS.
R  INDICATES RECORD HAS BEEN SET OR TIED.
MM INDICATES DATA IS MISSING.
T  INDICATES TRACE OF PRECIPITATION.

&&
-------------------------------------------------------------------

AMOUNT OF DAYLIGHT TODAY  (HOUR:MIN)........16 HOURS 11 MINUTES
GAIN/LOSS SINCE YESTERDAY (HOUR:MIN:SEC)....+0:04:43

$$
FS MAY 15
