000
CDUS44 KAMA 020642
CLIAMA


CLIMATE REPORT
NATIONAL WEATHER SERVICE AMARILLO TX
140 AM CDT THU APR 2 2015


...THE AMARILLO CLIMATE SUMMARY FOR APRIL 1 2015...

CLIMATE NORMAL PERIOD 1981 TO 2010
CLIMATE RECORD PERIOD 1892 TO 2015


WEATHER ITEM   OBSERVED TIME   RECORD YEAR NORMAL DEPARTURE LAST
                VALUE   (LST)  VALUE       VALUE  FROM      YEAR
                                                  NORMAL
..................................................................
TEMPERATURE (F)
 YESTERDAY
  MAXIMUM         87    353 PM  92    1946  67     20       76
  MINIMUM         48    710 AM  20    1948  37     11       31
  AVERAGE         68                        52     16       54

PRECIPITATION (IN)
  YESTERDAY        0.00          1.09 1905   0.05  -0.05     0.00
  MONTH TO DATE    0.00                      0.05  -0.05     0.00
  SINCE MAR 1      0.21                      1.44  -1.23     0.20
  SINCE JAN 1      2.29                      2.72  -0.43     0.59

SNOWFALL (IN)
  YESTERDAY        0.0           4.2  1988   0.1   -0.1      0.0
  MONTH TO DATE    0.0                       0.1   -0.1      0.0
  SINCE MAR 1      0.1                       3.0   -2.9      0.3
  SINCE JUL 1     23.9                      17.0    6.9     12.4
  SNOW DEPTH       0

DEGREE DAYS
 HEATING
  YESTERDAY        0                        13    -13       11
  MONTH TO DATE    0                        13    -13       11
  SINCE MAR 1    440                       545   -105      570
  SINCE JUL 1   3565                      3822   -257     3923

 COOLING
  YESTERDAY        3                         0      3        0
  MONTH TO DATE    3                         0      3        0
  SINCE MAR 1      5                         2      3        0
  SINCE JAN 1      5                         2      3        0
..................................................................


WIND (MPH)
  RESULTANT WIND SPEED  11   RESULTANT WIND DIRECTION   S (200)
  HIGHEST WIND SPEED    25   HIGHEST WIND DIRECTION    SW (240)
  HIGHEST GUST SPEED    31   HIGHEST GUST DIRECTION    SW (230)
  AVERAGE WIND SPEED   13.3


SKY COVER
  AVERAGE SKY COVER 0.0


WEATHER CONDITIONS
 THE FOLLOWING WEATHER WAS RECORDED YESTERDAY.
  NO SIGNIFICANT WEATHER WAS OBSERVED.


RELATIVE HUMIDITY (PERCENT)
 HIGHEST    71           600 AM
 LOWEST      9           400 PM
 AVERAGE    40

..................................................................


THE AMARILLO CLIMATE NORMALS FOR TODAY
                         NORMAL    RECORD    YEAR
 MAXIMUM TEMPERATURE (F)   67        88      2011
 MINIMUM TEMPERATURE (F)   37        14      1936


SUNRISE AND SUNSET
APRIL  2 2015.........SUNRISE   732 AM CDT   SUNSET   809 PM CDT
APRIL  3 2015.........SUNRISE   731 AM CDT   SUNSET   810 PM CDT


-  INDICATES NEGATIVE NUMBERS.
R  INDICATES RECORD WAS SET OR TIED.
MM INDICATES DATA IS MISSING.
T  INDICATES TRACE AMOUNT.


$$
