000
CDUS42 KJAX 030532
CLIAMG


CLIMATE REPORT
NATIONAL WEATHER SERVICE JACKSONVILLE FL
131 AM EDT SUN MAY 3 2015


...................................

...THE ALMA CLIMATE SUMMARY FOR MAY 2 2015...

CLIMATE NORMAL PERIOD 1981 TO 2010
CLIMATE RECORD PERIOD 1948 TO 2015


WEATHER ITEM   OBSERVED TIME   RECORD YEAR NORMAL DEPARTURE LAST
                VALUE   (LST)  VALUE       VALUE  FROM      YEAR
                                                  NORMAL
..................................................................
TEMPERATURE (F)
 YESTERDAY
  MAXIMUM         78        MM  97    1990  83     -5       68
  MINIMUM         47        MM  43    1963  58    -11       60
  AVERAGE         63                        70     -7       64

PRECIPITATION (IN)
  YESTERDAY        0.00          1.38 1964   0.06  -0.06      T
  MONTH TO DATE    0.00                      0.13  -0.13     0.45
  SINCE MAR 1      6.16                      7.69  -1.53    11.33
  SINCE JAN 1     11.99                     15.75  -3.76    14.85

SNOWFALL (IN)
  YESTERDAY        0.0           0.0    MM   0.0    0.0      0.0
  MONTH TO DATE    0.0                       0.0    0.0      0.0
  SINCE MAR 1      0.0                       0.0    0.0      0.0
  SINCE JUL 1      0.0                       0.1   -0.1       T
  SNOW DEPTH       0

DEGREE DAYS
 HEATING
  YESTERDAY        2                         1      1        1
  MONTH TO DATE    4                         2      2        1
  SINCE MAR 1    145                       254   -109      338
  SINCE JUL 1   1820                      1655    165     1805

 COOLING
  YESTERDAY        0                         6     -6        0
  MONTH TO DATE    0                        11    -11        1
  SINCE MAR 1    224                       149     75       95
  SINCE JAN 1    227                       165     62      103
..................................................................


WIND (MPH)
  HIGHEST WIND SPEED     7   HIGHEST WIND DIRECTION     N (340)
  HIGHEST GUST SPEED    MM   HIGHEST GUST DIRECTION    MM
  AVERAGE WIND SPEED     2.0


SKY COVER
  POSSIBLE SUNSHINE  MM
  AVERAGE SKY COVER 0.1


WEATHER CONDITIONS
 THE FOLLOWING WEATHER WAS RECORDED YESTERDAY.
  FOG


RELATIVE HUMIDITY (PERCENT)
 HIGHEST   100           200 AM
 LOWEST     31           300 PM
 AVERAGE    66

..........................................................


THE ALMA CLIMATE NORMALS FOR TODAY
                         NORMAL    RECORD    YEAR
 MAXIMUM TEMPERATURE (F)   83        95      2002
 MINIMUM TEMPERATURE (F)   58        43      1955


SUNRISE AND SUNSET
MAY  3 2015...........SUNRISE   643 AM EDT   SUNSET   811 PM EDT
MAY  4 2015...........SUNRISE   642 AM EDT   SUNSET   812 PM EDT


-  INDICATES NEGATIVE NUMBERS.
R  INDICATES RECORD WAS SET OR TIED.
MM INDICATES DATA IS MISSING.
T  INDICATES TRACE AMOUNT.




$$
