000
CDUS44 KBMX 210755
CLIANB


CLIMATE REPORT
NATIONAL WEATHER SERVICE BIRMINGHAM, AL
254 AM CDT TUE APR 21 2015


...................................

...THE ANNISTON CLIMATE SUMMARY FOR APRIL 20 2015...

CLIMATE NORMAL PERIOD 1981 TO 2010
CLIMATE RECORD PERIOD 1903 TO 2015


WEATHER ITEM   OBSERVED TIME   RECORD YEAR NORMAL DEPARTURE LAST
                VALUE   (LST)  VALUE       VALUE  FROM      YEAR
                                                  NORMAL
..................................................................
TEMPERATURE (F)
 YESTERDAY
  MAXIMUM         77    123 PM  89    1972  75      2       78
  MINIMUM         57   1159 PM  30    1983  51      6       47
  AVERAGE         67                        63      4       63

PRECIPITATION (IN)
  YESTERDAY        0.00          1.11 1982   0.13  -0.13     0.00
  MONTH TO DATE    6.72                      2.76   3.96     6.07
  SINCE MAR 1     12.30                      7.72   4.58    11.48
  SINCE JAN 1     20.46                     17.32   3.14    18.64

SNOWFALL (IN)
  YESTERDAY        0.0                       0.0             0.0
  MONTH TO DATE    0.0                       0.2             0.0
  SINCE MAR 1      T                         0.9             0.0
  SINCE JUL 1      T                         2.0             2.3

DEGREE DAYS
 HEATING
  YESTERDAY        0
  MONTH TO DATE   26
  SINCE MAR 1    272
  SINCE JUL 1   2793
..................................................................


WIND (MPH)
  HIGHEST WIND SPEED    23   HIGHEST WIND DIRECTION    SW (240)
  HIGHEST GUST SPEED    29   HIGHEST GUST DIRECTION     W (270)
  AVERAGE WIND SPEED     9.1


SKY COVER
  AVERAGE SKY COVER 0.2


WEATHER CONDITIONS
 THE FOLLOWING WEATHER WAS RECORDED YESTERDAY.
  FOG


RELATIVE HUMIDITY (PERCENT)
 HIGHEST    93
 LOWEST     41
 AVERAGE    67

..........................................................


THE ANNISTON CLIMATE NORMALS FOR TODAY
                         NORMAL    RECORD    YEAR
 MAXIMUM TEMPERATURE (F)   75        88      1987
 MINIMUM TEMPERATURE (F)   51        29      1953


SUNRISE AND SUNSET
APRIL 21 2015.........SUNRISE   606 AM CDT   SUNSET   719 PM CDT
APRIL 22 2015.........SUNRISE   605 AM CDT   SUNSET   719 PM CDT


-  INDICATES NEGATIVE NUMBERS.
R  INDICATES RECORD WAS SET OR TIED.
MM INDICATES DATA IS MISSING.
T  INDICATES TRACE AMOUNT.




$$
