000
CDUS41 KCTP 062117
CLIAOO


CLIMATE REPORT
NATIONAL WEATHER SERVICE STATE COLLEGE PA
516 PM EDT WED MAY 6 2015


...................................

...THE ALTOONA CLIMATE SUMMARY FOR MAY 6 2015...
VALID TODAY AS OF 0500 PM LOCAL TIME.

CLIMATE NORMAL PERIOD 1981 TO 2010
CLIMATE RECORD PERIOD 1948 TO 2015


WEATHER ITEM   OBSERVED TIME   RECORD YEAR NORMAL DEPARTURE LAST
                VALUE   (LST)  VALUE       VALUE  FROM      YEAR
                                                  NORMAL
..................................................................
TEMPERATURE (F)
 TODAY
  MAXIMUM         76    117 PM  87    1949  66     10       69
  MINIMUM         57    154 AM  33    2004  44     13       42
  AVERAGE         67                        55     12       56

PRECIPITATION (IN)
  TODAY            T             1.17 1971   0.12  -0.12      T
  MONTH TO DATE    0.07                      0.68  -0.61     0.13
  SINCE MAR 1      5.89                      6.94  -1.05     5.69
  SINCE JAN 1      8.41                     11.15  -2.74     9.05

DEGREE DAYS
 HEATING
  TODAY            0                        10    -10        9
  MONTH TO DATE   20                        64    -44       76
  SINCE MAR 1   1377                      1412    -35     1490
  SINCE JUL 1   6170                      5968    202     6234

 COOLING
  TODAY            2                         0      2        0
  MONTH TO DATE    5                         0      5        0
  SINCE MAR 1      5                         6     -1        6
  SINCE JAN 1      5                         6     -1        6
..................................................................


WIND (MPH)
  HIGHEST WIND SPEED    15   HIGHEST WIND DIRECTION     N (10)
  HIGHEST GUST SPEED    17   HIGHEST GUST DIRECTION     E (80)
  AVERAGE WIND SPEED     4.1


SKY COVER
  POSSIBLE SUNSHINE  MM
  AVERAGE SKY COVER 0.5


WEATHER CONDITIONS
 THE FOLLOWING WEATHER WAS RECORDED TODAY.
  THUNDERSTORM
  LIGHT RAIN
  FOG
  HAZE


RELATIVE HUMIDITY (PERCENT)
 HIGHEST    93           300 AM
 LOWEST     57          1200 PM
 AVERAGE    75

..........................................................


THE ALTOONA CLIMATE NORMALS FOR TOMORROW
                         NORMAL    RECORD    YEAR
 MAXIMUM TEMPERATURE (F)   67        84      2000
 MINIMUM TEMPERATURE (F)   44        27      1989


SUNRISE AND SUNSET
MAY  6 2015...........SUNRISE   607 AM EDT   SUNSET   813 PM EDT
MAY  7 2015...........SUNRISE   606 AM EDT   SUNSET   814 PM EDT


-  INDICATES NEGATIVE NUMBERS.
R  INDICATES RECORD WAS SET OR TIED.
MM INDICATES DATA IS MISSING.
T  INDICATES TRACE AMOUNT.




$$
