000
CDUS42 KMFL 180838
CLIAPF


CLIMATE REPORT
NATIONAL WEATHER SERVICE MIAMI, FL
438 AM EDT SAT APR 18 2015


...................................

...THE NAPLES CLIMATE SUMMARY FOR APRIL 17 2015...

CLIMATE NORMAL PERIOD 1981 TO 2010
CLIMATE RECORD PERIOD 1942 TO 2015


WEATHER ITEM   OBSERVED TIME   RECORD YEAR NORMAL DEPARTURE LAST
                VALUE   (LST)  VALUE       VALUE  FROM      YEAR
                                                  NORMAL
..................................................................
TEMPERATURE (F)
 YESTERDAY
  MAXIMUM         87   1241 PM  90    2014  83      4       90
                                      1979
  MINIMUM         71    532 AM  47    1962  64      7       69
  AVERAGE         79                        73      6       80

PRECIPITATION (IN)
  YESTERDAY        0.00          0.82 2013   0.09  -0.09     0.66
  MONTH TO DATE    0.11                      1.42  -1.31     1.19
  SINCE NOV 1      4.50                     11.24  -6.74     7.35
  SINCE JAN 1      3.20                      7.75  -4.55     6.25

SNOWFALL (IN)
  YESTERDAY        0.0
  MONTH TO DATE    0.0
  SINCE MAR 1      0.0
  SINCE JUL 1      0.0
  SNOW DEPTH       0

DEGREE DAYS
 HEATING
  YESTERDAY        0                         0      0        0
  MONTH TO DATE    0                         0      0        0
  SINCE MAR 1      1                        23    -22        7
  SINCE JUL 1    198                       256    -58      149

 COOLING
  YESTERDAY       14                         8      6       15
  MONTH TO DATE  213                       127     86      166
  SINCE MAR 1    517                       303    214      324
  SINCE JAN 1    693                       494    199      597
..................................................................


WIND (MPH)
  HIGHEST WIND SPEED    16   HIGHEST WIND DIRECTION     S (200)
  HIGHEST GUST SPEED    21   HIGHEST GUST DIRECTION    SW (220)
  AVERAGE WIND SPEED     7.3


SKY COVER
  AVERAGE SKY COVER 0.1


WEATHER CONDITIONS
 THE FOLLOWING WEATHER WAS RECORDED YESTERDAY.
  NO SIGNIFICANT WEATHER WAS OBSERVED.


RELATIVE HUMIDITY (PERCENT)
 HIGHEST    93
 LOWEST     55
 AVERAGE    74

..........................................................


THE NAPLES CLIMATE NORMALS FOR TODAY
                         NORMAL    RECORD    YEAR
 MAXIMUM TEMPERATURE (F)   84        90      1989
                                             1979
 MINIMUM TEMPERATURE (F)   64        44      1983


SUNRISE AND SUNSET
APRIL 18 2015.........SUNRISE   701 AM EDT   SUNSET   752 PM EDT
APRIL 19 2015.........SUNRISE   700 AM EDT   SUNSET   753 PM EDT


-  INDICATES NEGATIVE NUMBERS.
R  INDICATES RECORD WAS SET OR TIED.
MM INDICATES DATA IS MISSING.
T  INDICATES TRACE AMOUNT.




$$
