000
CDUS43 KAPX 190540
CLIAPN


CLIMATE REPORT
NATIONAL WEATHER SERVICE GAYLORD MI
139 AM EDT SUN APR 19 2015


...................................

...THE ALPENA MI CLIMATE SUMMARY FOR APRIL 18 2015...

CLIMATE NORMAL PERIOD 1981 TO 2010
CLIMATE RECORD PERIOD 1916 TO 2015


WEATHER ITEM   OBSERVED TIME   RECORD YEAR NORMAL DEPARTURE LAST
                VALUE   (LST)  VALUE       VALUE  FROM      YEAR
                                                  NORMAL
..................................................................
TEMPERATURE (F)
 YESTERDAY
  MAXIMUM         59    441 PM  85    1976  54      5       48
  MINIMUM         31   1159 PM  16    1926  32     -1       31
  AVERAGE         45                        43      2       40

PRECIPITATION (IN)
  YESTERDAY        0.00          1.00 1955   0.09  -0.09     0.00
  MONTH TO DATE    1.49                      1.47   0.02     3.22
  SINCE MAR 1      2.45                      3.33  -0.88     4.39
  SINCE JAN 1      4.24                      6.31  -2.07     6.92

SNOWFALL (IN)
  YESTERDAY        0.0           4.0  1918   0.2   -0.2      0.0
  MONTH TO DATE    2.0                       4.7   -2.7      1.2
  SINCE OCT 1     48.6                      83.0  -34.4     64.0
  SINCE JUL 1     48.6                      83.0  -34.4     64.0
  SNOW DEPTH       0

DEGREE DAYS
 HEATING
  YESTERDAY       20                        22     -2       25
  MONTH TO DATE  431                       465    -34      504
  SINCE MAR 1   1608                      1589     19     1902
  SINCE JUL 1   7871                      7321    550     8391

 COOLING
  YESTERDAY        0                         0      0        0
  MONTH TO DATE    0                         0      0        0
  SINCE MAR 1      0                         0      0        0
  SINCE JAN 1      0                         0      0        0
..................................................................


WIND (MPH)
  HIGHEST WIND SPEED    22   HIGHEST WIND DIRECTION     N (10)
  HIGHEST GUST SPEED    27   HIGHEST GUST DIRECTION     N (10)
  AVERAGE WIND SPEED     7.3




RELATIVE HUMIDITY (PERCENT)
 HIGHEST    92
 LOWEST     24
 AVERAGE    58

..........................................................


THE ALPENA MI CLIMATE NORMALS FOR TODAY
                         NORMAL    RECORD    YEAR
 MAXIMUM TEMPERATURE (F)   54        83      2005
 MINIMUM TEMPERATURE (F)   32         9      1918


SUNRISE AND SUNSET
APRIL 19 2015.........SUNRISE   643 AM EDT   SUNSET   825 PM EDT
APRIL 20 2015.........SUNRISE   641 AM EDT   SUNSET   826 PM EDT


-  INDICATES NEGATIVE NUMBERS.
R  INDICATES RECORD WAS SET OR TIED.
MM INDICATES DATA IS MISSING.
T  INDICATES TRACE AMOUNT.




$$
