000
CDUS46 KPQR 020222
CLIAST


CLIMATE REPORT
NATIONAL WEATHER SERVICE PORTLAND OREGON
721 PM PDT WED APR 1 2015


...................................

...THE ASTORIA OR CLIMATE SUMMARY FOR APRIL 1 2015...
VALID TODAY AS OF 0700 PM LOCAL TIME.

CLIMATE NORMAL PERIOD 1981 TO 2010
CLIMATE RECORD PERIOD 1892 TO 2015


WEATHER ITEM   OBSERVED TIME   RECORD YEAR NORMAL DEPARTURE LAST
                VALUE   (LST)  VALUE       VALUE  FROM      YEAR
                                                  NORMAL
..................................................................
TEMPERATURE (F)
 TODAY
  MAXIMUM         52    450 PM  75    1944  55     -3       52
  MINIMUM         39    333 AM  29    1953  40     -1       40
  AVERAGE         46                        48     -2       46

PRECIPITATION (IN)
  TODAY            0.13          2.37 1901   0.21  -0.08     0.01
  MONTH TO DATE    0.13                      0.21  -0.08     0.01
  SINCE OCT 1     47.81                     52.07  -4.26    36.79
  SINCE JAN 1     22.19                     25.05  -2.86    24.63

DEGREE DAYS
 HEATING
  TODAY           19                        18      1       19
  MONTH TO DATE   19                        18      1       19
  SINCE MAR 1    488                       596   -108      535
  SINCE JUL 1   3028                      3938   -910     3964

 COOLING
  TODAY            0                         0      0        0
  MONTH TO DATE    0                         0      0        0
  SINCE MAR 1      0                         0      0        0
  SINCE JAN 1      0                         0      0        0
..................................................................


WIND (MPH)
  HIGHEST WIND SPEED    17   HIGHEST WIND DIRECTION     W (290)
  HIGHEST GUST SPEED    23   HIGHEST GUST DIRECTION     W (290)
  AVERAGE WIND SPEED     5.2


SKY COVER
  POSSIBLE SUNSHINE  MM
  AVERAGE SKY COVER 0.7


WEATHER CONDITIONS
 THE FOLLOWING WEATHER WAS RECORDED TODAY.
  HEAVY RAIN
  LIGHT RAIN
  FOG


RELATIVE HUMIDITY (PERCENT)
 HIGHEST    93           200 AM
 LOWEST     71          1000 AM
 AVERAGE    82

..........................................................


THE ASTORIA OR CLIMATE NORMALS FOR TOMORROW
                         NORMAL    RECORD    YEAR
 MAXIMUM TEMPERATURE (F)   55        70      1942
                                             1908
 MINIMUM TEMPERATURE (F)   40        29      2008


SUNRISE AND SUNSET
APRIL  1 2015.........SUNRISE   656 AM PDT   SUNSET   744 PM PDT
APRIL  2 2015.........SUNRISE   654 AM PDT   SUNSET   745 PM PDT


-  INDICATES NEGATIVE NUMBERS.
R  INDICATES RECORD WAS SET OR TIED.
MM INDICATES DATA IS MISSING.
T  INDICATES TRACE AMOUNT.




$$
