000
CDUS46 KPQR 191141
CLIAST


CLIMATE REPORT
NATIONAL WEATHER SERVICE PORTLAND OREGON
440 AM PDT SUN APR 19 2015


...................................

...THE ASTORIA OR CLIMATE SUMMARY FOR APRIL 18 2015...

CLIMATE NORMAL PERIOD 1981 TO 2010
CLIMATE RECORD PERIOD 1892 TO 2015


WEATHER ITEM   OBSERVED TIME   RECORD YEAR NORMAL DEPARTURE LAST
                VALUE   (LST)  VALUE       VALUE  FROM      YEAR
                                                  NORMAL
..................................................................
TEMPERATURE (F)
 YESTERDAY
  MAXIMUM         65    108 PM  70    1934  57      8       57
  MINIMUM         39    550 AM  26    1927  41     -2       40
  AVERAGE         52                        49      3       49

PRECIPITATION (IN)
  YESTERDAY        0.00          1.69 1970   0.17  -0.17     0.00
  MONTH TO DATE    2.36                      3.38  -1.02     3.12
  SINCE OCT 1     50.04                     55.24  -5.20    39.90
  SINCE JAN 1     24.42                     28.22  -3.80    27.74

DEGREE DAYS
 HEATING
  YESTERDAY       13                        16     -3       16
  MONTH TO DATE  303                       304     -1      275
  SINCE MAR 1    772                       882   -110      791
  SINCE JUL 1   3312                      4224   -912     4220

 COOLING
  YESTERDAY        0                         0      0        0
  MONTH TO DATE    0                         0      0        0
  SINCE MAR 1      0                         0      0        0
  SINCE JAN 1      0                         0      0        0
..................................................................


WIND (MPH)
  HIGHEST WIND SPEED    22   HIGHEST WIND DIRECTION    NW (320)
  HIGHEST GUST SPEED    28   HIGHEST GUST DIRECTION    NW (310)
  AVERAGE WIND SPEED     8.4


SKY COVER
  POSSIBLE SUNSHINE  MM
  AVERAGE SKY COVER 0.2


WEATHER CONDITIONS
 THE FOLLOWING WEATHER WAS RECORDED YESTERDAY.
  FOG
  FOG W/VISIBILITY <= 1/4 MILE


RELATIVE HUMIDITY (PERCENT)
 HIGHEST   100           800 AM
 LOWEST     52          1200 PM
 AVERAGE    76

..........................................................


THE ASTORIA OR CLIMATE NORMALS FOR TODAY
                         NORMAL    RECORD    YEAR
 MAXIMUM TEMPERATURE (F)   57        74      1956
                                             1934
 MINIMUM TEMPERATURE (F)   41        30      1967
                                             1966


SUNRISE AND SUNSET
APRIL 19 2015.........SUNRISE   622 AM PDT   SUNSET   808 PM PDT
APRIL 20 2015.........SUNRISE   620 AM PDT   SUNSET   809 PM PDT


-  INDICATES NEGATIVE NUMBERS.
R  INDICATES RECORD WAS SET OR TIED.
MM INDICATES DATA IS MISSING.
T  INDICATES TRACE AMOUNT.




$$
