000
CDUS42 KGSP 272030
CLIAVL

CLIMATE REPORT
NATIONAL WEATHER SERVICE GREENVILLE-SPARTANBURG SC
428 PM EDT MON APR 27 2015


...................................

...THE ASHEVILLE NC CLIMATE SUMMARY FOR APRIL 27 2015...VALID TODAY
AS OF 400 PM LOCAL TIME.

CLIMATE NORMAL PERIOD 1981 TO 2010
CLIMATE RECORD PERIOD 1869 TO 2015


WEATHER ITEM   OBSERVED TIME   RECORD YEAR NORMAL DEPARTURE LAST
                VALUE   (LST)  VALUE       VALUE  FROM      YEAR
                                                  NORMAL
..................................................................
TEMPERATURE (F)
 TODAY
  MAXIMUM         63    251 PM  88    1986  71     -8       81
  MINIMUM         46    514 AM  30    1977  46      0       44
                                      1972
  AVERAGE         55                        58     -3       63

PRECIPITATION (IN)
  TODAY            0.00          0.98 1912   0.11  -0.11      T
  MONTH TO DATE    4.89                      3.00   1.89     4.28
  SINCE MAR 1      7.01                      6.83   0.18     6.58
  SINCE JAN 1     12.85                     14.26  -1.41    11.93

SNOWFALL (IN)
  TODAY            0.0           0.3  1928   0.0    0.0      0.0
  MONTH TO DATE    0.0                       0.7   -0.7      0.0
  SINCE MAR 1      T                         2.6   -2.6      0.4
  SINCE JUL 1     13.3                       9.9    3.4      9.8
  SNOW DEPTH       0

DEGREE DAYS
 HEATING
  TODAY           10                         7      3        2
  MONTH TO DATE  174                       281   -107      262
  SINCE MAR 1    599                       836   -237      891
  SINCE JUL 1   3908                      4053   -145     4210

 COOLING
  TODAY            0                         0      0        0
  MONTH TO DATE   19                         0     19        0
  SINCE MAR 1     19                         1     18        0
  SINCE JAN 1     19                         1     18        0
..................................................................


WIND (MPH)
  HIGHEST WIND SPEED    20   HIGHEST WIND DIRECTION     N (350)
  HIGHEST GUST SPEED    27   HIGHEST GUST DIRECTION     N (340)
  AVERAGE WIND SPEED     9.9


SKY COVER
  POSSIBLE SUNSHINE  MM
  AVERAGE SKY COVER 0.2


WEATHER CONDITIONS
 THE FOLLOWING WEATHER WAS RECORDED TODAY.
  NO SIGNIFICANT WEATHER WAS OBSERVED.


RELATIVE HUMIDITY (PERCENT)
 HIGHEST    86           400 AM
 LOWEST     31           100 PM
 AVERAGE    59

..........................................................


THE ASHEVILLE NC CLIMATE NORMALS FOR TOMORROW
                         NORMAL    RECORD    YEAR
 MAXIMUM TEMPERATURE (F)   71        86      1986
                                             1957
 MINIMUM TEMPERATURE (F)   46        29      1928


SUNRISE AND SUNSET
APRIL 27 2015.........SUNRISE   643 AM EDT   SUNSET   813 PM EDT
APRIL 28 2015.........SUNRISE   642 AM EDT   SUNSET   814 PM EDT


-  INDICATES NEGATIVE NUMBERS.
R  INDICATES RECORD WAS SET OR TIED.
MM INDICATES DATA IS MISSING.
T  INDICATES TRACE AMOUNT.




$$
