000
CDUS44 KBMX 190712
CLIBHM


CLIMATE REPORT
NATIONAL WEATHER SERVICE BIRMINGHAM, AL
212 AM CDT SUN APR 19 2015


...................................

...THE BIRMINGHAM CLIMATE SUMMARY FOR APRIL 18 2015...

CLIMATE NORMAL PERIOD 1981 TO 2010
CLIMATE RECORD PERIOD 2014 TO 2015


WEATHER ITEM   OBSERVED TIME   RECORD YEAR NORMAL DEPARTURE LAST
                VALUE   (LST)  VALUE       VALUE  FROM      YEAR
                                                  NORMAL
..................................................................
TEMPERATURE (F)
 YESTERDAY
  MAXIMUM         74    325 PM  91    2006  75     -1       61
  MINIMUM         61    214 AM  31    1983  51     10       52
  AVERAGE         68                        63      5       57

PRECIPITATION (IN)
  YESTERDAY        0.07          2.78 1943   0.13  -0.06     0.19
  MONTH TO DATE    6.52                      2.69   3.83     6.56
  SINCE MAR 1     10.75                      7.92   2.83    11.28
  SINCE JAN 1     19.45                     17.29   2.16    18.21

SNOWFALL (IN)
  YESTERDAY        0.0                       0.0    0.0      0.0
  MONTH TO DATE    0.0                       0.2   -0.2      0.0
  SINCE MAR 1      0.1                       0.8   -0.7      0.0
  SINCE JUL 1      0.8                       1.6   -0.8      5.0
  SNOW DEPTH       0

DEGREE DAYS
 HEATING
  YESTERDAY        0                         4     -4        8
  MONTH TO DATE   20                       104    -84       97
  SINCE MAR 1    279                       426   -147      470
  SINCE JUL 1   2745                      2616    129     2968

 COOLING
  YESTERDAY        3                         2      1        0
  MONTH TO DATE   63                        29     34       21
  SINCE MAR 1     68                        47     21       21
  SINCE JAN 1     68                        51     17       24
..................................................................


WIND (MPH)
  HIGHEST WIND SPEED     9   HIGHEST WIND DIRECTION    SE (140)
  HIGHEST GUST SPEED    13   HIGHEST GUST DIRECTION    SE (130)
  AVERAGE WIND SPEED     4.6


SKY COVER
  AVERAGE SKY COVER 1.0


WEATHER CONDITIONS
 THE FOLLOWING WEATHER WAS RECORDED YESTERDAY.
  LIGHT RAIN
  FOG


RELATIVE HUMIDITY (PERCENT)
 HIGHEST   100          1200 AM
 LOWEST     73           300 PM
 AVERAGE    87

..........................................................


THE BIRMINGHAM CLIMATE NORMALS FOR TODAY
                         NORMAL    RECORD    YEAR
 MAXIMUM TEMPERATURE (F)   75        91      2006
 MINIMUM TEMPERATURE (F)   51        27      1983


SUNRISE AND SUNSET
APRIL 19 2015.........SUNRISE   612 AM CDT   SUNSET   721 PM CDT
APRIL 20 2015.........SUNRISE   611 AM CDT   SUNSET   721 PM CDT


-  INDICATES NEGATIVE NUMBERS.
R  INDICATES RECORD WAS SET OR TIED.
MM INDICATES DATA IS MISSING.
T  INDICATES TRACE AMOUNT.




$$
