000
CDUS45 KVEF 030827
CLIBIH


CLIMATE REPORT
NATIONAL WEATHER SERVICE LAS VEGAS, NV
126 AM PDT SUN MAY 3 2015


...................................

...THE BISHOP CA CLIMATE SUMMARY FOR MAY 2 2015...

CLIMATE NORMAL PERIOD 1981 TO 2010
CLIMATE RECORD PERIOD 1943 TO 2015


WEATHER ITEM   OBSERVED TIME   RECORD YEAR NORMAL DEPARTURE LAST
                VALUE   (LST)  VALUE       VALUE  FROM      YEAR
                                                  NORMAL
..................................................................
TEMPERATURE (F)
 YESTERDAY
  MAXIMUM         87    333 PM  96    1947  78      9       91
  MINIMUM         43    516 AM  28    1951  41      2       42
  AVERAGE         65                        59      6       67

PRECIPITATION (IN)
  YESTERDAY        0.00          0.05 1982   0.00   0.00     0.00
  MONTH TO DATE    0.00                      0.01  -0.01     0.00
  SINCE OCT 1      0.74                      4.32  -3.58     2.24
  SINCE JAN 1      0.28                      2.70  -2.42     2.02

SNOWFALL (IN)
  YESTERDAY        0.0          MM      MM   0.0    0.0      0.0
  MONTH TO DATE    0.0                       0.0    0.0      0.0
  SINCE MAR 1      T                         0.9   -0.9      0.1
  SINCE JUL 1      T                         6.8   -6.8      0.6
  SNOW DEPTH       0

DEGREE DAYS
 HEATING
  YESTERDAY        0                         6     -6        0
  MONTH TO DATE    0                        13    -13        4
  SINCE MAR 1    550                       848   -298      648
  SINCE JUL 1   2991                      4055  -1064     3598

 COOLING
  YESTERDAY        0                         0      0        2
  MONTH TO DATE    1                         0      1        2
  SINCE MAR 1      5                         4      1        6
  SINCE JAN 1      5                         4      1        6
..................................................................


WIND (MPH)
  RESULTANT WIND SPEED   3   RESULTANT WIND DIRECTION   S (170)
  HIGHEST WIND SPEED    25   HIGHEST WIND DIRECTION    SE (150)
  HIGHEST GUST SPEED    33   HIGHEST GUST DIRECTION    SE (140)
  AVERAGE WIND SPEED     8.4


SKY COVER
  POSSIBLE SUNSHINE  MM
  AVERAGE SKY COVER 0.0


WEATHER CONDITIONS
 THE FOLLOWING WEATHER WAS RECORDED YESTERDAY.
  NO SIGNIFICANT WEATHER WAS OBSERVED.


RELATIVE HUMIDITY (PERCENT)
 HIGHEST    42           400 AM
 LOWEST      9           200 PM
 AVERAGE    26

..........................................................


THE BISHOP CA CLIMATE NORMALS FOR TODAY
                         NORMAL    RECORD    YEAR
 MAXIMUM TEMPERATURE (F)   78        94      1947
 MINIMUM TEMPERATURE (F)   41        25      1964


SUNRISE AND SUNSET
MAY  3 2015...........SUNRISE   556 AM PDT   SUNSET   745 PM PDT
MAY  4 2015...........SUNRISE   555 AM PDT   SUNSET   746 PM PDT


-  INDICATES NEGATIVE NUMBERS.
R  INDICATES RECORD WAS SET OR TIED.
MM INDICATES DATA IS MISSING.
T  INDICATES TRACE AMOUNT.




$$
