000
CDUS46 KBOI 050932
CLIBKE


CLIMATE REPORT
NATIONAL WEATHER SERVICE BOISE ID
332 AM MDT TUE MAY 5 2015


...................................

...THE BAKER OR CLIMATE SUMMARY FOR MAY 4 2015...

CLIMATE NORMAL PERIOD 1981 TO 2010
CLIMATE RECORD PERIOD 1948 TO 2015


WEATHER ITEM   OBSERVED TIME   RECORD YEAR NORMAL DEPARTURE LAST
                VALUE   (LST)  VALUE       VALUE  FROM      YEAR
                                                  NORMAL
..................................................................
TEMPERATURE (F)
 YESTERDAY
  MAXIMUM         79    210 PM  90    1966  63     16       64
  MINIMUM         32    442 AM  20    1996  33     -1       41
  AVERAGE         56                        48      8       53

PRECIPITATION (IN)
  YESTERDAY        0.00          0.77 1956   0.04  -0.04      T
  MONTH TO DATE    0.00                      0.16  -0.16      T
  SINCE OCT 1      4.44                      5.72  -1.28     4.44
  SINCE JAN 1      2.24                      3.21  -0.97     3.27

DEGREE DAYS
 HEATING
  YESTERDAY        9                        17     -8       12
  MONTH TO DATE   51                        70    -19       41
  SINCE MAR 1   1417                      1563   -146     1440
  SINCE JUL 1   6093                      7083   -990     6966

 COOLING
  YESTERDAY        0                         0      0        0
  MONTH TO DATE    0                         0      0        0
  SINCE MAR 1      0                         0      0        0
  SINCE JAN 1      0                         0      0        0
..................................................................


WIND (MPH)
  RESULTANT WIND SPEED   3   RESULTANT WIND DIRECTION  NW (300)
  HIGHEST WIND SPEED    23   HIGHEST WIND DIRECTION    NW (310)
  HIGHEST GUST SPEED    29   HIGHEST GUST DIRECTION    NW (310)
  AVERAGE WIND SPEED     7.4


SKY COVER
  AVERAGE SKY COVER 0.2


WEATHER CONDITIONS
 THE FOLLOWING WEATHER WAS RECORDED YESTERDAY.
  NO SIGNIFICANT WEATHER WAS OBSERVED.


RELATIVE HUMIDITY (PERCENT)
 HIGHEST   100           500 AM
 LOWEST     22           400 PM
 AVERAGE    61

..........................................................


THE BAKER OR CLIMATE NORMALS FOR TODAY
                         NORMAL    RECORD    YEAR
 MAXIMUM TEMPERATURE (F)   63        89      1966
 MINIMUM TEMPERATURE (F)   33        21      1982


SUNRISE AND SUNSET
MAY  5 2015...........SUNRISE   535 AM PDT   SUNSET   801 PM PDT
MAY  6 2015...........SUNRISE   534 AM PDT   SUNSET   802 PM PDT


-  INDICATES NEGATIVE NUMBERS.
R  INDICATES RECORD WAS SET OR TIED.
MM INDICATES DATA IS MISSING.
T  INDICATES TRACE AMOUNT.




$$
