000
CDUS41 KRNK 050602
CLIBLF


CLIMATE REPORT
NATIONAL WEATHER SERVICE BLACKSBURG VA
157 AM EDT TUE MAY 5 2015


...................................

...THE BLUEFIELD WV CLIMATE SUMMARY FOR MAY 4 2015...

CLIMATE NORMAL PERIOD 1981 TO 2010
CLIMATE RECORD PERIOD 1959 TO 2015


WEATHER ITEM   OBSERVED TIME   RECORD YEAR NORMAL DEPARTURE LAST
                VALUE   (LST)  VALUE       VALUE  FROM      YEAR
                                                  NORMAL
..................................................................
TEMPERATURE (F)
 YESTERDAY
  MAXIMUM         78    429 PM  80    1996  70      8       77
  MINIMUM         58    623 AM  33    2004  50      8       51
  AVERAGE         68                        60      8

PRECIPITATION (IN)
  YESTERDAY        0.00          0.79 1979   0.13  -0.13     0.00
  MONTH TO DATE    0.51                      0.51   0.00      T
  SINCE MAR 1     10.92                      7.36   3.56     4.73
  SINCE JAN 1     14.48                     13.02   1.46     8.86

SNOWFALL (IN)
  YESTERDAY        0.0
  MONTH TO DATE    0.0
  SINCE MAR 1      3.1
  SINCE JUL 1     39.7
  SNOW DEPTH       0

DEGREE DAYS
 HEATING
  YESTERDAY        0                         6     -6
  MONTH TO DATE   30                        26      4
  SINCE MAR 1    882                       963    -81
  SINCE JUL 1   4802                      4456    346

 COOLING
  YESTERDAY        3                         1      2
  MONTH TO DATE    3                         4     -1
  SINCE MAR 1     14                        32    -18
  SINCE JAN 1     14                        32    -18
..................................................................


WIND (MPH)
  HIGHEST WIND SPEED    17   HIGHEST WIND DIRECTION     W (250)
  HIGHEST GUST SPEED    25   HIGHEST GUST DIRECTION     W (280)
  AVERAGE WIND SPEED     6.5


SKY COVER
  POSSIBLE SUNSHINE  MM
  AVERAGE SKY COVER 0.2


WEATHER CONDITIONS
 THE FOLLOWING WEATHER WAS RECORDED YESTERDAY.
  HAZE


RELATIVE HUMIDITY (PERCENT)
 HIGHEST    57           600 AM
 LOWEST     29           400 PM
 AVERAGE    43

..........................................................


THE BLUEFIELD WV CLIMATE NORMALS FOR TODAY
                         NORMAL    RECORD    YEAR
 MAXIMUM TEMPERATURE (F)   70        82      2014
 MINIMUM TEMPERATURE (F)   51        36      2011


SUNRISE AND SUNSET
MAY  5 2015...........SUNRISE   626 AM EDT   SUNSET   818 PM EDT
MAY  6 2015...........SUNRISE   625 AM EDT   SUNSET   819 PM EDT


-  INDICATES NEGATIVE NUMBERS.
R  INDICATES RECORD WAS SET OR TIED.
MM INDICATES DATA IS MISSING.
T  INDICATES TRACE AMOUNT.


$$
RCS
