000
CDUS43 KIND 050540
CLIBMG


CLIMATE REPORT
NATIONAL WEATHER SERVICE INDIANAPOLIS IN
140 AM EDT TUE MAY 5 2015


...................................

...THE BLOOMINGTON IN CLIMATE SUMMARY FOR MAY 4 2015...

CLIMATE NORMAL PERIOD 1981 TO 2010
CLIMATE RECORD PERIOD 9999 TO 9999


WEATHER ITEM   OBSERVED TIME   NORMAL DEPARTURE LAST
                VALUE   (LST)  VALUE  FROM      YEAR
                                      NORMAL
......................................................
TEMPERATURE (F)
 YESTERDAY
  MAXIMUM         81    417 PM  70     11       74
  MINIMUM         56    536 AM  48      8       48
  AVERAGE         69            59     10       61

PRECIPITATION (IN)
  YESTERDAY        T             0.18  -0.18     0.00
  MONTH TO DATE    T             0.71  -0.71      T
  SINCE MAR 1      9.44          9.29   0.15     9.56
  SINCE JAN 1     13.01         15.36  -2.35    14.21

DEGREE DAYS
 HEATING
  YESTERDAY        0             7     -7        4
  MONTH TO DATE   15            28    -13       45
  SINCE MAR 1   1055          1074    -19     1190
  SINCE JUL 1   5626          5142    484     5752

 COOLING
  YESTERDAY        4             1      3        0
  MONTH TO DATE    4             4      0        0
  SINCE MAR 1     10            23    -13        9
  SINCE JAN 1     10            23    -13        9
......................................................


WIND (MPH)
  HIGHEST WIND SPEED    16   HIGHEST WIND DIRECTION    SW (240)
  HIGHEST GUST SPEED    22   HIGHEST GUST DIRECTION    SW (210)
  AVERAGE WIND SPEED     6.1


SKY COVER
  AVERAGE SKY COVER 0.2


WEATHER CONDITIONS
 THE FOLLOWING WEATHER WAS RECORDED YESTERDAY.
  LIGHT RAIN
  HAZE


RELATIVE HUMIDITY (PERCENT)
 HIGHEST    72           500 AM
 LOWEST     42           500 PM
 AVERAGE    57

..........................................................


THE BLOOMINGTON IN CLIMATE NORMALS FOR TODAY
                         NORMAL
 MAXIMUM TEMPERATURE (F)   70
 MINIMUM TEMPERATURE (F)   48


SUNRISE AND SUNSET
MAY  5 2015...........SUNRISE   644 AM EDT   SUNSET   843 PM EDT
MAY  6 2015...........SUNRISE   643 AM EDT   SUNSET   844 PM EDT


-  INDICATES NEGATIVE NUMBERS.
R  INDICATES RECORD WAS SET OR TIED.
MM INDICATES DATA IS MISSING.
T  INDICATES TRACE AMOUNT.




$$
