000
CDUS45 KRIW 250736
CLIBPI


CLIMATE REPORT
NATIONAL WEATHER SERVICE RIVERTON WY
134 AM MDT SAT APR 25 2015


...................................

...THE BIG PINEY WY CLIMATE SUMMARY FOR APRIL 24 2015...

CLIMATE NORMAL PERIOD 1981 TO 2010
CLIMATE RECORD PERIOD 1976 TO 2015


WEATHER ITEM   OBSERVED TIME   RECORD YEAR NORMAL DEPARTURE LAST
                VALUE   (LST)  VALUE       VALUE  FROM      YEAR
                                                  NORMAL
..................................................................
TEMPERATURE (F)
 YESTERDAY
  MAXIMUM         55   1222 PM  76    2012  55      0       53
  MINIMUM         27    552 AM  12    2011  24      3       17
  AVERAGE         41                        39      2       35

PRECIPITATION (IN)
  YESTERDAY        0.07          0.42 1999   0.02   0.05     0.00
  MONTH TO DATE    0.25                      0.39  -0.14     0.02
  SINCE MAR 1      0.31                      0.83  -0.52     0.14
  SINCE JAN 1      0.37                      1.49  -1.12     0.18

DEGREE DAYS
 HEATING
  YESTERDAY       24                        26     -2       30
  MONTH TO DATE  668                       688    -20      691
  SINCE MAR 1   1598                      1860   -262     1750
  SINCE JUL 1   7698                      9383  -1685     8694

 COOLING
  YESTERDAY        0                         0      0        0
  MONTH TO DATE    0                         0      0        0
  SINCE MAR 1      0                         0      0        0
  SINCE JAN 1      0                         0      0        0
..................................................................


WIND (MPH)
  HIGHEST WIND SPEED    32   HIGHEST WIND DIRECTION    NW (310)
  HIGHEST GUST SPEED    40   HIGHEST GUST DIRECTION    NW (300)
  AVERAGE WIND SPEED     7.3


SKY COVER
  POSSIBLE SUNSHINE  MM
  AVERAGE SKY COVER 0.8


WEATHER CONDITIONS
 THE FOLLOWING WEATHER WAS RECORDED YESTERDAY.
  THUNDERSTORM
  LIGHT RAIN


RELATIVE HUMIDITY (PERCENT)
 HIGHEST    92           400 AM
 LOWEST     38           300 PM
 AVERAGE    65

..........................................................


THE BIG PINEY WY CLIMATE NORMALS FOR TODAY
                         NORMAL    RECORD    YEAR
 MAXIMUM TEMPERATURE (F)   55        71      2012
 MINIMUM TEMPERATURE (F)   24        14      2000


SUNRISE AND SUNSET
APRIL 25 2015.........SUNRISE   624 AM MDT   SUNSET   813 PM MDT
APRIL 26 2015.........SUNRISE   622 AM MDT   SUNSET   815 PM MDT


-  INDICATES NEGATIVE NUMBERS.
R  INDICATES RECORD WAS SET OR TIED.
MM INDICATES DATA IS MISSING.
T  INDICATES TRACE AMOUNT.




$$
