000
CDUS44 KLCH 172206
CLIBPT


CLIMATE REPORT
NATIONAL WEATHER SERVICE LAKE CHARLES, LA
506 PM CDT FRI APR 17 2015


...................................

...THE BEAUMONT PORT ARTHUR CLIMATE SUMMARY FOR APRIL 17 2015...
VALID TODAY AS OF 0500 PM LOCAL TIME.

CLIMATE NORMAL PERIOD 1981 TO 2010
CLIMATE RECORD PERIOD 1901 TO 2015


WEATHER ITEM   OBSERVED TIME   RECORD YEAR NORMAL DEPARTURE LAST
                VALUE   (LST)  VALUE       VALUE  FROM      YEAR
                                                  NORMAL
..................................................................
TEMPERATURE (F)
 TODAY
  MAXIMUM         83   1245 PM  91    1925  78      5       67
  MINIMUM         66    600 AM  41    1999  59      7       56
                                      1921
  AVERAGE         75                        69      6       62

PRECIPITATION (IN)
  TODAY            0.02         10.09 1973   0.11  -0.09     0.01
  MONTH TO DATE    7.66                      1.67   5.99     1.98
  SINCE MAR 1     15.78                      5.20  10.58     4.27
  SINCE JAN 1     22.76                     14.04   8.72    10.99

SNOWFALL (IN)
  TODAY            0.0           0.0    MM   0.0    0.0      0.0
  MONTH TO DATE    0.0                       0.0    0.0      0.0
  SINCE MAR 1      T                         0.0    0.0      0.0
  SINCE JUL 1      T                         T      0.0      0.3
  SNOW DEPTH       0

DEGREE DAYS
 HEATING
  TODAY            0                         1     -1        3
  MONTH TO DATE    0                        32    -32       37
  SINCE MAR 1    103                       180    -77      241
  SINCE JUL 1   1360                      1393    -33     1710

 COOLING
  TODAY           10                         5      5        0
  MONTH TO DATE  138                        66     72       57
  SINCE MAR 1    209                       121     88       80
  SINCE JAN 1    217                       147     70      104
..................................................................


WIND (MPH)
  HIGHEST WIND SPEED    23   HIGHEST WIND DIRECTION    SE (130)
  HIGHEST GUST SPEED    31   HIGHEST GUST DIRECTION    SE (140)
  AVERAGE WIND SPEED     9.0


SKY COVER
  POSSIBLE SUNSHINE  MM
  AVERAGE SKY COVER 0.6


WEATHER CONDITIONS
 THE FOLLOWING WEATHER WAS RECORDED TODAY.
  THUNDERSTORM
  RAIN
  LIGHT RAIN
  FOG


RELATIVE HUMIDITY (PERCENT)
 HIGHEST    93          1200 AM
 LOWEST     69           100 PM
 AVERAGE    81

..........................................................


THE BEAUMONT PORT ARTHUR CLIMATE NORMALS FOR TOMORROW
                         NORMAL    RECORD    YEAR
 MAXIMUM TEMPERATURE (F)   79        90      1987
                                             1925
 MINIMUM TEMPERATURE (F)   60        43      1999


SUNRISE AND SUNSET
APRIL 17 2015.........SUNRISE   647 AM CDT   SUNSET   744 PM CDT
APRIL 18 2015.........SUNRISE   646 AM CDT   SUNSET   745 PM CDT


-  INDICATES NEGATIVE NUMBERS.
R  INDICATES RECORD WAS SET OR TIED.
MM INDICATES DATA IS MISSING.
T  INDICATES TRACE AMOUNT.




$$
