000
CDUS44 KBRO 062128
CLIBRO


CLIMATE REPORT
NATIONAL WEATHER SERVICE BROWNSVILLE TX
427 PM CDT WED MAY 6 2015


...................................

...THE BROWNSVILLE CLIMATE SUMMARY FOR MAY 6 2015...
VALID TODAY AS OF 0400 PM LOCAL TIME.

CLIMATE NORMAL PERIOD 1981 TO 2010
CLIMATE RECORD PERIOD 1878 TO 2015


WEATHER ITEM   OBSERVED TIME   RECORD YEAR NORMAL DEPARTURE LAST
                VALUE   (LST)  VALUE       VALUE  FROM      YEAR
                                                  NORMAL
..................................................................
TEMPERATURE (F)
 TODAY
  MAXIMUM         86    253 PM  94    1975  87     -1       88
  MINIMUM         75    618 AM  53    1944  71      4       70
  AVERAGE         81                        79      2       79

PRECIPITATION (IN)
  TODAY            0.00          2.45 1963   0.08  -0.08     0.00
  MONTH TO DATE    T                         0.42  -0.42     0.00
  SINCE MAR 1      6.45                      3.19   3.26     1.74
  SINCE JAN 1     10.77                      5.54   5.23     2.50

SNOWFALL (IN)
  TODAY            0.0           0.0  2002   0.0
                                      2001
                                      2000
  MONTH TO DATE    0.0                       0.0
  SINCE MAR 1      0.0                       0.0
  SINCE JUL 1      0.0                       0.0

DEGREE DAYS
 HEATING
  TODAY            0                         0      0        0
  MONTH TO DATE    0                         0      0        0
  SINCE MAR 1     67                        51     16      100
  SINCE JUL 1    690                       554    136      824

 COOLING
  TODAY           16                        14      2       14
  MONTH TO DATE   69                        79    -10       42
  SINCE MAR 1    566                       555     11      456
  SINCE JAN 1    623                       696    -73      576
..................................................................


WIND (MPH)
  HIGHEST WIND SPEED    25   HIGHEST WIND DIRECTION    SE (150)
  HIGHEST GUST SPEED    31   HIGHEST GUST DIRECTION    SE (140)
  AVERAGE WIND SPEED    17.4


SKY COVER
  POSSIBLE SUNSHINE  MM
  AVERAGE SKY COVER 0.9


WEATHER CONDITIONS
 THE FOLLOWING WEATHER WAS RECORDED TODAY.
  NO SIGNIFICANT WEATHER WAS OBSERVED.


RELATIVE HUMIDITY (PERCENT)
 HIGHEST    94           200 AM
 LOWEST     61           300 PM
 AVERAGE    78

..........................................................


THE BROWNSVILLE CLIMATE NORMALS FOR TOMORROW
                         NORMAL    RECORD    YEAR
 MAXIMUM TEMPERATURE (F)   87        99      1978
 MINIMUM TEMPERATURE (F)   71        50      1917


SUNRISE AND SUNSET
MAY  6 2015...........SUNRISE   649 AM CDT   SUNSET   804 PM CDT
MAY  7 2015...........SUNRISE   649 AM CDT   SUNSET   804 PM CDT


-  INDICATES NEGATIVE NUMBERS.
R  INDICATES RECORD WAS SET OR TIED.
MM INDICATES DATA IS MISSING.
T  INDICATES TRACE AMOUNT.




$$
