000
CDUS41 KBUF 041015
CLIBUF


CLIMATE REPORT
NATIONAL WEATHER SERVICE BUFFALO NY
613 AM EDT MON MAY 4 2015


...................................

...THE BUFFALO NY CLIMATE SUMMARY FOR MAY 3 2015...

CLIMATE NORMAL PERIOD 1981 TO 2010
CLIMATE RECORD PERIOD 1871 TO 2015


WEATHER ITEM   OBSERVED TIME   RECORD YEAR NORMAL DEPARTURE LAST
                VALUE   (LST)  VALUE       VALUE  FROM      YEAR
                                                  NORMAL
..................................................................
TEMPERATURE (F)
 YESTERDAY
  MAXIMUM         71    325 PM  85    1944  62      9       56
  MINIMUM         47    602 AM  29    1926  43      4       42
                                      1911
  AVERAGE         59                        53      6       49

PRECIPITATION (IN)
  YESTERDAY        0.00          0.90 1892   0.10  -0.10     0.15
  MONTH TO DATE    0.00                      0.30  -0.30     0.15
  SINCE MAR 1      4.14                      6.18  -2.04     7.78
  SINCE JAN 1      9.13                     11.85  -2.72    14.56

SNOWFALL (IN)
  YESTERDAY        0.0           0.0    MM   0.1   -0.1      0.0
  MONTH TO DATE    0.0                       0.1   -0.1      0.0
  SINCE MAR 1      9.9                      15.7   -5.8     25.7
  SINCE JUL 1    112.9                      94.5   18.4    129.9
  SNOW DEPTH       0

DEGREE DAYS
 HEATING
  YESTERDAY        6                        13     -7       16
  MONTH TO DATE   24                        39    -15       51
  SINCE MAR 1   1696                      1576    120     1800
  SINCE JUL 1   6844                      6320    524     6906

 COOLING
  YESTERDAY        0                         0      0        0
  MONTH TO DATE    0                         0      0        0
  SINCE MAR 1      0                         3     -3        0
  SINCE JAN 1      0                         3     -3        0
..................................................................


WIND (MPH)
  HIGHEST WIND SPEED    18   HIGHEST WIND DIRECTION    SW (220)
  HIGHEST GUST SPEED    22   HIGHEST GUST DIRECTION    SW (220)
  AVERAGE WIND SPEED     9.8


SKY COVER
  AVERAGE SKY COVER 0.2


WEATHER CONDITIONS
 THE FOLLOWING WEATHER WAS RECORDED YESTERDAY.
  NO SIGNIFICANT WEATHER WAS OBSERVED.


RELATIVE HUMIDITY (PERCENT)
 HIGHEST    71           600 AM
 LOWEST     33           400 PM
 AVERAGE    52

..........................................................


THE BUFFALO NY CLIMATE NORMALS FOR TODAY
                         NORMAL    RECORD    YEAR
 MAXIMUM TEMPERATURE (F)   63        85      1960
 MINIMUM TEMPERATURE (F)   43        25      1926


SUNRISE AND SUNSET
MAY  4 2015...........SUNRISE   605 AM EDT   SUNSET   819 PM EDT
MAY  5 2015...........SUNRISE   604 AM EDT   SUNSET   820 PM EDT


-  INDICATES NEGATIVE NUMBERS.
R  INDICATES RECORD WAS SET OR TIED.
MM INDICATES DATA IS MISSING.
T  INDICATES TRACE AMOUNT.




$$
