000
CDUS41 KLWX 060528
CLIBWI


CLIMATE REPORT
NATIONAL WEATHER SERVICE BALTIMORE MD/WASHINGTON DC
127 AM EDT WED MAY 6 2015


...................................

...THE BALTIMORE MD CLIMATE SUMMARY FOR MAY 5 2015...

CLIMATE NORMAL PERIOD 1981 TO 2010
CLIMATE RECORD PERIOD 1870 TO 2015


WEATHER ITEM   OBSERVED TIME   RECORD YEAR NORMAL DEPARTURE LAST
                VALUE   (LST)  VALUE       VALUE  FROM      YEAR
                                                  NORMAL
..................................................................
TEMPERATURE (F)
 YESTERDAY
  MAXIMUM         85    225 PM  92    1930  71     14       66
  MINIMUM         61    509 AM  34    1966  49     12       43
  AVERAGE         73                        60     13       55

PRECIPITATION (IN)
  YESTERDAY        0.01          1.67 1989   0.12  -0.11      T
  MONTH TO DATE    0.01                      0.58  -0.57     0.30
  SINCE MAR 1      8.98                      7.67   1.31    13.28
  SINCE JAN 1     15.11                     13.62   1.49    20.57

SNOWFALL (IN)
  YESTERDAY        0.0          MM      MM   0.0    0.0
  MONTH TO DATE    0.0                       0.0    0.0
  SINCE JUL 1     28.7                      20.1    8.6
  SNOW DEPTH       0

DEGREE DAYS
 HEATING
  YESTERDAY        0                         6     -6       10
  MONTH TO DATE   19                        34    -15       24
  SINCE MAR 1   1106                      1054     52     1197
  SINCE JUL 1   4921                      4649    272     4954

 COOLING
  YESTERDAY        8                         1      7        0
  MONTH TO DATE   10                         5      5        4
  SINCE MAR 1     15                        19     -4       11
  SINCE JAN 1     15                        19     -4       11
..................................................................


WIND (MPH)
  HIGHEST WIND SPEED    15   HIGHEST WIND DIRECTION    SW (240)
  HIGHEST GUST SPEED    22   HIGHEST GUST DIRECTION    SW (230)
  AVERAGE WIND SPEED     4.7


SKY COVER
  POSSIBLE SUNSHINE  MM
  AVERAGE SKY COVER 0.5


WEATHER CONDITIONS
 THE FOLLOWING WEATHER WAS RECORDED YESTERDAY.
  LIGHT RAIN


RELATIVE HUMIDITY (PERCENT)
 HIGHEST    93           800 PM
 LOWEST     40           200 PM
 AVERAGE    67

..........................................................


THE BALTIMORE MD CLIMATE NORMALS FOR TODAY
                         NORMAL    RECORD    YEAR
 MAXIMUM TEMPERATURE (F)   71        92      1949
 MINIMUM TEMPERATURE (F)   49        40      2011
                                             1925
                                             1891


SUNRISE AND SUNSET
MAY  6 2015...........SUNRISE   603 AM EDT   SUNSET   804 PM EDT
MAY  7 2015...........SUNRISE   602 AM EDT   SUNSET   805 PM EDT


-  INDICATES NEGATIVE NUMBERS.
R  INDICATES RECORD WAS SET OR TIED.
MM INDICATES DATA IS MISSING.
T  INDICATES TRACE AMOUNT.




$$
