000
CDUS42 KCAE 062129
CLICAE


CLIMATE REPORT
NATIONAL WEATHER SERVICE COLUMBIA SC
527 PM EDT WED MAY 6 2015


...................................

...THE COLUMBIA METRO AIRPORT SC CLIMATE SUMMARY FOR MAY 6 2015...
VALID TODAY AS OF 0500 PM LOCAL TIME.

CLIMATE NORMAL PERIOD 1981 TO 2010
CLIMATE RECORD PERIOD 1887 TO 2015


WEATHER ITEM   OBSERVED TIME   RECORD YEAR NORMAL DEPARTURE LAST
                VALUE   (LST)  VALUE       VALUE  FROM      YEAR
                                                  NORMAL
..................................................................
TEMPERATURE (F)
 TODAY
  MAXIMUM         84    318 PM  97    1977  82      2       93
  MINIMUM         54    609 AM  41    1973  56     -2       63
  AVERAGE         69                        69      0       78

PRECIPITATION (IN)
  TODAY            0.00          1.76 1953   0.10  -0.10     0.00
  MONTH TO DATE    T                         0.56  -0.56     0.02
  SINCE MAR 1      6.81                      6.91  -0.10     6.94
  SINCE JAN 1     14.17                     14.10   0.07    13.26

SNOWFALL (IN)
  TODAY            0.0          MM      MM   0.0             0.0
  MONTH TO DATE    0.0                       0.0             0.0
  SINCE MAR 1      0.0                       0.1             0.0
  SINCE JUL 1      T                         1.5             4.2

DEGREE DAYS
 HEATING
  TODAY            0                         1     -1        0
  MONTH TO DATE    6                         8     -2        2
  SINCE MAR 1    274                       440   -166      468
  SINCE JUL 1   2463                      2539    -76     2552

 COOLING
  TODAY            4                         5     -1       13
  MONTH TO DATE   13                        27    -14       35
  SINCE MAR 1    156                       118     38      136
  SINCE JAN 1    156                       122     34      143
..................................................................


WIND (MPH)
  HIGHEST WIND SPEED    16   HIGHEST WIND DIRECTION     E (80)
  HIGHEST GUST SPEED    23   HIGHEST GUST DIRECTION    NE (40)
  AVERAGE WIND SPEED     4.0


SKY COVER
  AVERAGE SKY COVER 0.6


WEATHER CONDITIONS
 THE FOLLOWING WEATHER WAS RECORDED TODAY.
  NO SIGNIFICANT WEATHER WAS OBSERVED.


RELATIVE HUMIDITY (PERCENT)
 HIGHEST    89           600 AM
 LOWEST     31           200 PM
 AVERAGE    60

..........................................................


THE COLUMBIA METRO AIRPORT SC CLIMATE NORMALS FOR TOMORROW
                         NORMAL    RECORD    YEAR
 MAXIMUM TEMPERATURE (F)   82        96      1977
 MINIMUM TEMPERATURE (F)   57        42      1989
                                             1968
                                             1891


SUNRISE AND SUNSET
MAY  6 2015...........SUNRISE   631 AM EDT   SUNSET   812 PM EDT
MAY  7 2015...........SUNRISE   630 AM EDT   SUNSET   813 PM EDT


-  INDICATES NEGATIVE NUMBERS.
R  INDICATES RECORD WAS SET OR TIED.
MM INDICATES DATA IS MISSING.
T  INDICATES TRACE AMOUNT.




$$
