000
CDUS45 KABQ 280838
CLICAO


CLIMATE REPORT
NATIONAL WEATHER SERVICE ALBUQUERQUE NM
237 AM MDT TUE APR 28 2015


...................................

...THE CLAYTON  NM CLIMATE SUMMARY FOR APRIL 27 2015...

CLIMATE NORMAL PERIOD 1981 TO 2010
CLIMATE RECORD PERIOD 1896 TO 2015


WEATHER ITEM   OBSERVED TIME   RECORD YEAR NORMAL DEPARTURE
                VALUE   (LST)  VALUE       VALUE  FROM
                                                  NORMAL
...............................................................
TEMPERATURE (F)
 YESTERDAY
  MAXIMUM         44   1234 AM  87    1981  70    -26
  MINIMUM         37    933 AM  21    1932  41     -4
                                      1920
  AVERAGE         41                        56    -15

PRECIPITATION (IN)
  YESTERDAY        0.60          0.95 1941   0.03   0.57
  MONTH TO DATE    1.29                      0.83   0.46
  SINCE MAR 1      1.70                      1.78  -0.08
  SINCE JAN 1      4.72                      2.40   2.32

SNOWFALL (IN)
  YESTERDAY        0.0
  MONTH TO DATE    0.0
  SINCE MAR 1      0.9
  SINCE JUL 1     26.1

DEGREE DAYS
 HEATING
  YESTERDAY       24                        10     14
  MONTH TO DATE  288                       358    -70
  SINCE MAR 1    795                      1002   -207
  SINCE JUL 1   4238                      4679   -441

 COOLING
  YESTERDAY        0                         0      0
  MONTH TO DATE    0                         0      0
  SINCE MAR 1      0                         1     -1
  SINCE JAN 1      0                         1     -1
...............................................................


WIND (MPH)
  HIGHEST WIND SPEED    37   HIGHEST WIND DIRECTION    NE (30)
  HIGHEST GUST SPEED    45   HIGHEST GUST DIRECTION     N (20)
  AVERAGE WIND SPEED    23.0


SKY COVER
  AVERAGE SKY COVER 1.0


WEATHER CONDITIONS
 THE FOLLOWING WEATHER WAS RECORDED YESTERDAY.
  RAIN
  LIGHT RAIN
  FOG


RELATIVE HUMIDITY (PERCENT)
 HIGHEST   100           100 AM
 LOWEST     76           800 PM
 AVERAGE    88

..........................................................


THE CLAYTON  NM CLIMATE NORMALS FOR TODAY
                         NORMAL    RECORD    YEAR
 MAXIMUM TEMPERATURE (F)   71        89      1910
 MINIMUM TEMPERATURE (F)   42        27      1917


SUNRISE AND SUNSET
APRIL 28 2015.........SUNRISE   603 AM MDT   SUNSET   738 PM MDT
APRIL 29 2015.........SUNRISE   602 AM MDT   SUNSET   739 PM MDT


-  INDICATES NEGATIVE NUMBERS.
R  INDICATES RECORD WAS SET OR TIED.
MM INDICATES DATA IS MISSING.
T  INDICATES TRACE AMOUNT.




$$
