000
CDUS45 KCYS 050727
CLICDR


CLIMATE REPORT
NATIONAL WEATHER SERVICE CHEYENNE WY
127 AM MDT TUE MAY 5 2015


...................................

...THE CHADRON NE AIRPORT CLIMATE SUMMARY FOR MAY 4 2015...

CLIMATE NORMAL PERIOD 1981 TO 2010
CLIMATE RECORD PERIOD 1895 TO 2015


WEATHER ITEM   OBSERVED TIME   RECORD YEAR NORMAL DEPARTURE LAST
                VALUE   (LST)  VALUE       VALUE  FROM      YEAR
                                                  NORMAL
..................................................................
TEMPERATURE (F)
 YESTERDAY
  MAXIMUM         54    513 PM  90    1966  67    -13       72
  MINIMUM         40   1004 PM  23    2013  36      4       42
  AVERAGE         47                        52     -5       57

PRECIPITATION (IN)
  YESTERDAY        0.11          2.00 1924   0.08   0.03     0.00
  MONTH TO DATE    0.11                      0.34  -0.23     0.00
  SINCE JAN 1      2.73                      4.52  -1.79     4.30

DEGREE DAYS
 HEATING
  YESTERDAY       18                        14      4        8
  MONTH TO DATE   41                        57    -16       54
  SINCE MAR 1   1256                      1568   -312     1498
  SINCE JUL 1   6201                      6820   -619     6972

 COOLING
  YESTERDAY        0                         0      0        0
  MONTH TO DATE    0                         0      0        0
  SINCE MAR 1      0                         2     -2        1
  SINCE JAN 1      0                         2     -2        1
..................................................................


WIND (MPH)
  HIGHEST WIND SPEED    14   HIGHEST WIND DIRECTION     E (100)
  HIGHEST GUST SPEED    17   HIGHEST GUST DIRECTION     E (110)
  AVERAGE WIND SPEED     6.6


SKY COVER
  AVERAGE SKY COVER 0.9


WEATHER CONDITIONS
 THE FOLLOWING WEATHER WAS RECORDED YESTERDAY.
  LIGHT RAIN


RELATIVE HUMIDITY (PERCENT)
 HIGHEST    89           900 PM
 LOWEST     46           100 AM
 AVERAGE    68

..........................................................


THE CHADRON NE AIRPORT CLIMATE NORMALS FOR TODAY
                         NORMAL    RECORD    YEAR
 MAXIMUM TEMPERATURE (F)   67        97      2004
 MINIMUM TEMPERATURE (F)   37        18      1944


SUNRISE AND SUNSET
MAY  5 2015...........SUNRISE   542 AM MDT   SUNSET   757 PM MDT
MAY  6 2015...........SUNRISE   540 AM MDT   SUNSET   758 PM MDT


-  INDICATES NEGATIVE NUMBERS.
R  INDICATES RECORD WAS SET OR TIED.
MM INDICATES DATA IS MISSING.
T  INDICATES TRACE AMOUNT.




$$
