000
CDUS44 KLUB 192235
CLICDS


CLIMATE REPORT
NATIONAL WEATHER SERVICE LUBBOCK, TX
526 PM CDT SUN APR 19 2015


...................................

...THE CHILDRESS CLIMATE SUMMARY FOR APRIL 19 2015...
VALID TODAY AS OF 0500 PM LOCAL TIME.

CLIMATE NORMAL PERIOD 1981 TO 2010
CLIMATE RECORD PERIOD 1893 TO 2015


WEATHER ITEM   OBSERVED TIME   RECORD YEAR NORMAL DEPARTURE LAST
                VALUE   (LST)  VALUE       VALUE  FROM      YEAR
                                                  NORMAL
..................................................................
TEMPERATURE (F)
 TODAY
  MAXIMUM         69   1215 PM  98    1987  78     -9       82
  MINIMUM         52    621 AM  29    2013  49      3       49
  AVERAGE         61                        63     -2       66

PRECIPITATION (IN)
  TODAY            0.00          1.90 1935   0.08  -0.08      T
  MONTH TO DATE    2.25                      1.20   1.05     0.01
  SINCE MAR 1      2.39                      2.73  -0.34     0.47
  SINCE JAN 1      3.56                      4.51  -0.95     0.83

SNOWFALL (IN)
  TODAY            0.0          MM      MM   0.1   -0.1     MM
  MONTH TO DATE    0.0                       0.2   -0.2      0.0
  SINCE MAR 1      0.0                       0.6   -0.6       T
  SINCE JUL 1      2.0                       7.0   -5.0      9.5
  SNOW DEPTH       0

DEGREE DAYS
 HEATING
  TODAY            4                         4      0        0
  MONTH TO DATE   54                       118    -64      131
  SINCE MAR 1    388                       493   -105      589
  SINCE JUL 1   2885                      3053   -168     3405

 COOLING
  TODAY            0                         3     -3        1
  MONTH TO DATE   64                        35     29       34
  SINCE MAR 1     81                        53     28       44
  SINCE JAN 1     81                        54     27       44
..................................................................


WIND (MPH)
  RESULTANT WIND SPEED  15   RESULTANT WIND DIRECTION   N (340)
  HIGHEST WIND SPEED    35   HIGHEST WIND DIRECTION     N (340)
  HIGHEST GUST SPEED    42   HIGHEST GUST DIRECTION    NW (330)
  AVERAGE WIND SPEED    16.9


SKY COVER
  AVERAGE SKY COVER 0.2


WEATHER CONDITIONS
 THE FOLLOWING WEATHER WAS RECORDED TODAY.
  NO SIGNIFICANT WEATHER WAS OBSERVED.


RELATIVE HUMIDITY (PERCENT)
 HIGHEST    93           300 AM
 LOWEST     44          1100 AM
 AVERAGE    69

..........................................................


THE CHILDRESS CLIMATE NORMALS FOR TOMORROW
                         NORMAL    RECORD    YEAR
 MAXIMUM TEMPERATURE (F)   78        98      1999
                                             1904
 MINIMUM TEMPERATURE (F)   50        33      1966


SUNRISE AND SUNSET
APRIL 19 2015.........SUNRISE   705 AM CDT   SUNSET   816 PM CDT
APRIL 20 2015.........SUNRISE   704 AM CDT   SUNSET   817 PM CDT


-  INDICATES NEGATIVE NUMBERS.
R  INDICATES RECORD WAS SET OR TIED.
MM INDICATES DATA IS MISSING.
T  INDICATES TRACE AMOUNT.




$$
