000
CDUS46 KEKA 200023
CLICEC


CLIMATE REPORT
NATIONAL WEATHER SERVICE EUREKA CA
517 PM PDT SUN APR 19 2015


...................................

...THE CRESCENT CITY CA CLIMATE SUMMARY FOR APRIL 19 2015...
VALID TODAY AS OF 0500 PM LOCAL TIME.

CLIMATE NORMAL PERIOD 1981 TO 2010
CLIMATE RECORD PERIOD 1894 TO 2015


WEATHER ITEM   OBSERVED TIME   RECORD YEAR NORMAL DEPARTURE LAST
                VALUE   (LST)  VALUE       VALUE  FROM      YEAR
                                                  NORMAL
..................................................................
TEMPERATURE (F)
 TODAY
  MAXIMUM         62    126 PM  72    1950  55      7       56
  MINIMUM         44    301 AM  32    1968  44      0       43
  AVERAGE         53                        49      4       50

PRECIPITATION (IN)
  TODAY            0.00          1.86 1965   0.15  -0.15     0.09
  MONTH TO DATE    5.11                      3.75   1.36     0.17
  SINCE OCT 1     41.08                     56.12 -15.04    23.06
  SINCE JAN 1     20.25                     30.88 -10.63    19.12

SNOWFALL (IN)
  TODAY            0.0          MM      MM  MM     MM       MM
  MONTH TO DATE    0.0                      MM     MM        0.0
  SINCE MAR 1      0.0                      MM     MM        0.0
  SINCE JUL 1      0.0                      MM     MM        0.0
  SNOW DEPTH       0

..................................................................


WIND (MPH)
  HIGHEST WIND SPEED    17   HIGHEST WIND DIRECTION     S (180)
  HIGHEST GUST SPEED    21   HIGHEST GUST DIRECTION     S (170)
  AVERAGE WIND SPEED     5.7


SKY COVER
  AVERAGE SKY COVER 0.2


WEATHER CONDITIONS
 THE FOLLOWING WEATHER WAS RECORDED TODAY.
  FOG
  FOG W/VISIBILITY <= 1/4 MILE
  HAZE


RELATIVE HUMIDITY (PERCENT)
 HIGHEST   100
 LOWEST     72
 AVERAGE    86

..........................................................


THE CRESCENT CITY CA CLIMATE NORMALS FOR TOMORROW
                         NORMAL    RECORD    YEAR
 MAXIMUM TEMPERATURE (F)   55        75      1982
 MINIMUM TEMPERATURE (F)   44        34      1963


SUNRISE AND SUNSET
APRIL 19 2015.........SUNRISE   631 AM PDT   SUNSET   802 PM PDT
APRIL 20 2015.........SUNRISE   629 AM PDT   SUNSET   803 PM PDT


-  INDICATES NEGATIVE NUMBERS.
R  INDICATES RECORD WAS SET OR TIED.
MM INDICATES DATA IS MISSING.
T  INDICATES TRACE AMOUNT.




$$
