000
CDUS43 KPAH 280630
CLICGI


CLIMATE REPORT
NATIONAL WEATHER SERVICE PADUCAH KY
128 AM CDT TUE APR 28 2015


...................................

...THE CAPE GIRARDEAU MO CLIMATE SUMMARY FOR APRIL 27 2015...

CLIMATE NORMAL PERIOD 1981 TO 2010
CLIMATE RECORD PERIOD 1960 TO 2015


WEATHER ITEM   OBSERVED TIME   RECORD YEAR NORMAL DEPARTURE LAST
                VALUE   (LST)  VALUE       VALUE  FROM      YEAR
                                                  NORMAL
..................................................................
TEMPERATURE (F)
 YESTERDAY
  MAXIMUM         67    315 PM  91    1989  72     -5       74
  MINIMUM         44    528 AM  36    2006  50     -6       62
  AVERAGE         56                        61     -5

PRECIPITATION (IN)
  YESTERDAY        0.00          2.22 2014   0.17  -0.17     2.22
  MONTH TO DATE    4.17                      3.87   0.30     6.60
  SINCE MAR 1     12.96                      8.27   4.69     8.91
  SINCE JAN 1     19.48                     15.15   4.33    12.05

DEGREE DAYS
 HEATING
  YESTERDAY        9                         5      4        0
  MONTH TO DATE  144                       249   -105      199
  SINCE MAR 1    750                       808    -58      917
  SINCE JUL 1   4528                      4305    223     4842

 COOLING
  YESTERDAY        0                         1     -1        3
  MONTH TO DATE   28                        21      7       11
  SINCE MAR 1     28                        25      3       11
  SINCE JAN 1     28                        25      3       11
..................................................................


WIND (MPH)
  HIGHEST WIND SPEED    22   HIGHEST WIND DIRECTION    NE (40)
  HIGHEST GUST SPEED    31   HIGHEST GUST DIRECTION     N (20)
  AVERAGE WIND SPEED    11.1


SKY COVER
  AVERAGE SKY COVER 0.0


WEATHER CONDITIONS
 THE FOLLOWING WEATHER WAS RECORDED YESTERDAY.
  NO SIGNIFICANT WEATHER WAS OBSERVED.


RELATIVE HUMIDITY (PERCENT)
 HIGHEST    71
 LOWEST     37
 AVERAGE    54

..........................................................


THE CAPE GIRARDEAU MO CLIMATE NORMALS FOR TODAY
                         NORMAL    RECORD    YEAR
 MAXIMUM TEMPERATURE (F)   73        87      1989
 MINIMUM TEMPERATURE (F)   50        35      1992


SUNRISE AND SUNSET
APRIL 28 2015.........SUNRISE   607 AM CDT   SUNSET   745 PM CDT
APRIL 29 2015.........SUNRISE   606 AM CDT   SUNSET   746 PM CDT


-  INDICATES NEGATIVE NUMBERS.
R  INDICATES RECORD WAS SET OR TIED.
MM INDICATES DATA IS MISSING.
T  INDICATES TRACE AMOUNT.




$$
