000
CDUS42 KCHS 192126
CLICHS


CLIMATE REPORT
NATIONAL WEATHER SERVICE CHARLESTON SC
524 PM EDT SUN APR 19 2015


...................................

...THE NORTH CHARLESTON SC CLIMATE SUMMARY FOR APRIL 19 2015...
VALID TODAY AS OF 500 PM LOCAL TIME.

CLIMATE NORMAL PERIOD 1981 TO 2010
CLIMATE RECORD PERIOD 1938 TO 2015


WEATHER ITEM   OBSERVED TIME   RECORD YEAR NORMAL DEPARTURE LAST
                VALUE   (LST)  VALUE       VALUE  FROM      YEAR
                                                  NORMAL
..................................................................
TEMPERATURE (F)
 TODAY
  MAXIMUM         77    248 PM  91    1995  77      0       63
  MINIMUM         65   1252 AM  35    1983  54     11       54
  AVERAGE         71                        66      5       59

PRECIPITATION (IN)
  TODAY            T             0.77 1988   0.10  -0.10     0.71
  MONTH TO DATE    1.53                      1.86  -0.33     4.65
  SINCE MAR 1      3.79                      5.57  -1.78     9.58
  SINCE JAN 1     11.72                     12.24  -0.52    14.43

SNOWFALL (IN)
  TODAY            0.0                       0.0    0.0
  SINCE MAR 1      0.0                       0.0    0.0
  SINCE JUL 1      T                         0.5   -0.5

DEGREE DAYS
 HEATING
  TODAY            0                         2     -2        6
  MONTH TO DATE   14                        70    -56       34
  SINCE MAR 1    197                       309   -112      348
  SINCE JUL 1   1934                      1945    -11     1871

 COOLING
  TODAY            6                         3      3        0
  MONTH TO DATE   98                        43     55       63
  SINCE MAR 1    131                        70     61       72
  SINCE JAN 1    135                        77     58       82
..................................................................


WIND (MPH)
  HIGHEST WIND SPEED    16   HIGHEST WIND DIRECTION    SE (140)
  HIGHEST GUST SPEED    20   HIGHEST GUST DIRECTION     S (170)
  AVERAGE WIND SPEED     3.6


SKY COVER
  POSSIBLE SUNSHINE  MM
  AVERAGE SKY COVER 0.9


WEATHER CONDITIONS
 THE FOLLOWING WEATHER WAS RECORDED TODAY.
  LIGHT RAIN
  FOG


RELATIVE HUMIDITY (PERCENT)
 HIGHEST   100           600 AM
 LOWEST     79           300 PM
 AVERAGE    90

..........................................................


THE NORTH CHARLESTON SC CLIMATE NORMALS FOR TOMORROW
                         NORMAL    RECORD    YEAR
 MAXIMUM TEMPERATURE (F)   77        95      2002
 MINIMUM TEMPERATURE (F)   54        31      1983


SUNRISE AND SUNSET
APRIL 19 2015.........SUNRISE   646 AM EDT   SUNSET   753 PM EDT
APRIL 20 2015.........SUNRISE   645 AM EDT   SUNSET   754 PM EDT


-  INDICATES NEGATIVE NUMBERS.
R  INDICATES RECORD WAS SET OR TIED.
MM INDICATES DATA IS MISSING.
T  INDICATES TRACE AMOUNT.

$$
