000
CDUS43 KILX 062129
CLICMI


CLIMATE REPORT
NATIONAL WEATHER SERVICE LINCOLN IL
429 PM CDT WED MAY 6 2015


...................................

...THE CHAMPAIGN IL AIRPORT CLIMATE SUMMARY FOR MAY 6 2015...
VALID TODAY AS OF 0400 PM LOCAL TIME.

CLIMATE NORMAL PERIOD 1981 TO 2010
CLIMATE RECORD PERIOD 9999 TO 9999


WEATHER ITEM   OBSERVED TIME   RECORD YEAR NORMAL DEPARTURE LAST
                VALUE   (LST)  VALUE       VALUE  FROM      YEAR
                                                  NORMAL
..................................................................
TEMPERATURE (F)
 TODAY
  MAXIMUM         88    255 PM  MM      MM  72     16       82
  MINIMUM         60    137 AM  MM      MM  48     12       49
  AVERAGE         74                        60     14       66

PRECIPITATION (IN)
  TODAY            0.00         MM      MM   0.16  -0.16     0.00
  MONTH TO DATE    0.09                      0.97  -0.88     0.01
  SINCE MAR 1      4.24                      7.51  -3.27     5.16
  SINCE JAN 1      5.91                     11.58  -5.67     7.91

DEGREE DAYS
 HEATING
  TODAY            0                         7     -7        0
  MONTH TO DATE   13                        44    -31       48
  SINCE MAR 1   1214                      1206      8     1319
  SINCE JUL 1   6090                      5708    382     6400

 COOLING
  TODAY            9                         1      8        1
  MONTH TO DATE   32                         6     26        1
  SINCE MAR 1     35                        17     18        4
  SINCE JAN 1     35                        17     18        4
..................................................................


WIND (MPH)
  HIGHEST WIND SPEED    23   HIGHEST WIND DIRECTION     S (160)
  HIGHEST GUST SPEED    27   HIGHEST GUST DIRECTION     S (200)
  AVERAGE WIND SPEED     9.6


SKY COVER
  POSSIBLE SUNSHINE  MM
  AVERAGE SKY COVER 0.5


WEATHER CONDITIONS
 THE FOLLOWING WEATHER WAS RECORDED TODAY.
  FOG


RELATIVE HUMIDITY (PERCENT)
 HIGHEST    90           100 AM
 LOWEST     24           200 PM
 AVERAGE    57

..........................................................


THE CHAMPAIGN IL AIRPORT CLIMATE NORMALS FOR TOMORROW
                         NORMAL    RECORD    YEAR
 MAXIMUM TEMPERATURE (F)   72        MM        MM
 MINIMUM TEMPERATURE (F)   48        MM        MM


SUNRISE AND SUNSET
MAY  6 2015...........SUNRISE   547 AM CDT   SUNSET   753 PM CDT
MAY  7 2015...........SUNRISE   546 AM CDT   SUNSET   754 PM CDT


-  INDICATES NEGATIVE NUMBERS.
R  INDICATES RECORD WAS SET OR TIED.
MM INDICATES DATA IS MISSING.
T  INDICATES TRACE AMOUNT.




$$
