000
CDUS42 KFFC 280829
CLICSG


CLIMATE REPORT
NATIONAL WEATHER SERVICE PEACHTREE CITY GA
429 AM EDT TUE APR 28 2015


...................................

...THE COLUMBUS CLIMATE SUMMARY FOR APRIL 27 2015...

CLIMATE NORMAL PERIOD 1981 TO 2010
CLIMATE RECORD PERIOD 1948 TO 2015


WEATHER ITEM   OBSERVED TIME   RECORD YEAR NORMAL DEPARTURE LAST
                VALUE   (LST)  VALUE       VALUE  FROM      YEAR
                                                  NORMAL
..................................................................
TEMPERATURE (F)
 YESTERDAY
  MAXIMUM         74    356 PM  93    1986  79     -5       82
  MINIMUM         55    649 AM  42    1977  56     -1       58
  AVERAGE         65                        68     -3       70

PRECIPITATION (IN)
  YESTERDAY        0.00          2.51 1964   0.11  -0.11      T
  MONTH TO DATE    5.89                      3.23   2.66     8.04
  SINCE MAR 1      8.35                      8.69  -0.34    13.44
  SINCE JAN 1     15.72                     16.98  -1.26    21.76

DEGREE DAYS
 HEATING
  YESTERDAY        0                         1     -1        0
  MONTH TO DATE   15                        87    -72       79
  SINCE MAR 1    190                       333   -143      391
  SINCE JUL 1   2200                      2110     90     2334

 COOLING
  YESTERDAY        0                         4     -4        5
  MONTH TO DATE  120                        66     54       49
  SINCE MAR 1    149                        89     60       49
  SINCE JAN 1    149                        93     56       52
..................................................................


WIND (MPH)
  HIGHEST WIND SPEED    12   HIGHEST WIND DIRECTION     N (360)
  HIGHEST GUST SPEED    17   HIGHEST GUST DIRECTION     N (10)
  AVERAGE WIND SPEED     5.1


SKY COVER
  AVERAGE SKY COVER 0.0


WEATHER CONDITIONS
 THE FOLLOWING WEATHER WAS RECORDED YESTERDAY.
  NO SIGNIFICANT WEATHER WAS OBSERVED.


RELATIVE HUMIDITY (PERCENT)
 HIGHEST    77           500 AM
 LOWEST     41           300 PM
 AVERAGE    59

..........................................................


THE COLUMBUS CLIMATE NORMALS FOR TODAY
                         NORMAL    RECORD    YEAR
 MAXIMUM TEMPERATURE (F)   80        89      1994
                                             1989
 MINIMUM TEMPERATURE (F)   56        41      1953


SUNRISE AND SUNSET
APRIL 28 2015.........SUNRISE   656 AM EDT   SUNSET   819 PM EDT
APRIL 29 2015.........SUNRISE   655 AM EDT   SUNSET   819 PM EDT


-  INDICATES NEGATIVE NUMBERS.
R  INDICATES RECORD WAS SET OR TIED.
MM INDICATES DATA IS MISSING.
T  INDICATES TRACE AMOUNT.




$$
