000
CDUS45 KTFX 190037
CLICTB


CLIMATE REPORT
NATIONAL WEATHER SERVICE GREAT FALLS MT
636 PM MDT SAT APR 18 2015


...................................

...THE CUT BANK MT CLIMATE SUMMARY FOR APRIL 18 2015...
VALID TODAY AS OF 0500 PM LOCAL TIME.

CLIMATE NORMAL PERIOD 1981 TO 2010
CLIMATE RECORD PERIOD 1903 TO 2015


WEATHER ITEM   OBSERVED TIME   RECORD YEAR NORMAL DEPARTURE LAST
                VALUE   (LST)  VALUE       VALUE  FROM      YEAR
                                                  NORMAL
..................................................................
TEMPERATURE (F)
 TODAY
  MAXIMUM         47    358 PM  81    1936  54     -7       50
  MINIMUM         32    713 AM   3    1951  29      3       36
  AVERAGE         40                        42     -2       43

PRECIPITATION (IN)
  TODAY            0.02          1.00 1993   0.02   0.00     0.00
  MONTH TO DATE    0.15                      0.40  -0.25     0.61
  SINCE OCT 1      3.82                      2.33   1.49     3.73
  SINCE JAN 1      1.29                      1.31  -0.02     2.53

SNOWFALL (IN)
  TODAY           MM
  SNOW DEPTH      MM

DEGREE DAYS
 HEATING
  TODAY           25                        23      2       22
  MONTH TO DATE  470                       463      7      451
  SINCE MAR 1   1244                      1501   -257     1673
  SINCE JUL 1   6906                      7561   -655     7879

 COOLING
  TODAY            0                         0      0        0
  MONTH TO DATE    0                         0      0        0
  SINCE MAR 1      0                         0      0        0
  SINCE JAN 1      0                         0      0        0
..................................................................


WIND (MPH)
  HIGHEST WIND SPEED    30   HIGHEST WIND DIRECTION     N (350)
  HIGHEST GUST SPEED    36   HIGHEST GUST DIRECTION     N (340)
  AVERAGE WIND SPEED    14.8


SKY COVER
  AVERAGE SKY COVER 0.8


WEATHER CONDITIONS
 THE FOLLOWING WEATHER WAS RECORDED TODAY.
  SNOW
  LIGHT SNOW
  FOG


RELATIVE HUMIDITY (PERCENT)
 HIGHEST    96           700 AM
 LOWEST     42           400 PM
 AVERAGE    69

..........................................................


THE CUT BANK MT CLIMATE NORMALS FOR TOMORROW
                         NORMAL    RECORD    YEAR
 MAXIMUM TEMPERATURE (F)   54        83      1962
 MINIMUM TEMPERATURE (F)   30         2      1927


SUNRISE AND SUNSET
APRIL 18 2015.........SUNRISE   634 AM MDT   SUNSET   825 PM MDT
APRIL 19 2015.........SUNRISE   632 AM MDT   SUNSET   827 PM MDT


-  INDICATES NEGATIVE NUMBERS.
R  INDICATES RECORD WAS SET OR TIED.
MM INDICATES DATA IS MISSING.
T  INDICATES TRACE AMOUNT.




$$
