000
CDUS45 KTFX 272223
CLIDLN


CLIMATE REPORT
NATIONAL WEATHER SERVICE GREAT FALLS MT
423 PM MDT MON APR 27 2015


...................................

...THE DILLON AIRPORT MT CLIMATE SUMMARY FOR APRIL 27 2015...
VALID TODAY AS OF 0400 PM LOCAL TIME.

CLIMATE NORMAL PERIOD 1981 TO 2010
CLIMATE RECORD PERIOD 1929 TO 2015


WEATHER ITEM   OBSERVED TIME   RECORD YEAR NORMAL DEPARTURE LAST
                VALUE   (LST)  VALUE       VALUE  FROM      YEAR
                                                  NORMAL
..................................................................
TEMPERATURE (F)
 TODAY
  MAXIMUM         53    259 PM  85    1987  58     -5       50
  MINIMUM         29    424 AM  20    1984  31     -2       30
  AVERAGE         41                        45     -4       40

PRECIPITATION (IN)
  TODAY            0.00          0.44 1989   0.05  -0.05     0.03
  MONTH TO DATE    1.17                      0.92   0.25     1.16
  SINCE OCT 1      2.67                      3.40  -0.73     2.22
  SINCE JAN 1      1.51                      2.00  -0.49     1.73

SNOWFALL (IN)
  TODAY           MM
  SNOW DEPTH       0

DEGREE DAYS
 HEATING
  TODAY           24                        20      4       25
  MONTH TO DATE  639                       644     -5      598
  SINCE MAR 1   1360                      1594   -234     1522
  SINCE JUL 1   6472                      7511  -1039     7302

 COOLING
  TODAY            0                         0      0        0
  MONTH TO DATE    0                         0      0        0
  SINCE MAR 1      0                         0      0        0
  SINCE JAN 1      0                         0      0        0
..................................................................


WIND (MPH)
  HIGHEST WIND SPEED     9   HIGHEST WIND DIRECTION     W (270)
  HIGHEST GUST SPEED    11   HIGHEST GUST DIRECTION     W (270)
  AVERAGE WIND SPEED     2.8


SKY COVER
  AVERAGE SKY COVER 0.3


WEATHER CONDITIONS
 THE FOLLOWING WEATHER WAS RECORDED TODAY.
  NO SIGNIFICANT WEATHER WAS OBSERVED.


RELATIVE HUMIDITY (PERCENT)
 HIGHEST    89
 LOWEST     44
 AVERAGE    67

..........................................................


THE DILLON AIRPORT MT CLIMATE NORMALS FOR TOMORROW
                         NORMAL    RECORD    YEAR
 MAXIMUM TEMPERATURE (F)   59        84      1987
 MINIMUM TEMPERATURE (F)   32        14      1984


SUNRISE AND SUNSET
APRIL 27 2015.........SUNRISE   625 AM MDT   SUNSET   831 PM MDT
APRIL 28 2015.........SUNRISE   624 AM MDT   SUNSET   832 PM MDT


-  INDICATES NEGATIVE NUMBERS.
R  INDICATES RECORD WAS SET OR TIED.
MM INDICATES DATA IS MISSING.
T  INDICATES TRACE AMOUNT.




$$
