000
CDUS42 KCAE 012129
CLIDNL


CLIMATE REPORT
NATIONAL WEATHER SERVICE COLUMBIA SC
528 PM EDT WED APR 1 2015


...................................

...THE AUGUSTA DANIEL FIELD GA CLIMATE SUMMARY FOR APRIL 1 2015...
VALID TODAY AS OF 0500 PM LOCAL TIME.

CLIMATE NORMAL PERIOD 1981 TO 2010
CLIMATE RECORD PERIOD 9999 TO 9999


WEATHER ITEM   OBSERVED TIME   NORMAL DEPARTURE LAST
                VALUE   (LST)  VALUE  FROM      YEAR
                                      NORMAL
......................................................
TEMPERATURE (F)
 TODAY
  MAXIMUM         83    346 PM  72     11       85
  MINIMUM         61    742 AM  50     11       54
  AVERAGE         72            61     11

PRECIPITATION (IN)
  TODAY            0.02          0.15  -0.13     0.00
  MONTH TO DATE    0.02          0.15  -0.13     0.00
  SINCE MAR 1      2.61          4.46  -1.85     2.68
  SINCE JAN 1      7.54         12.70  -5.16     8.97

DEGREE DAYS
 HEATING
  TODAY            0             5     -5        0
  MONTH TO DATE    0             5     -5        0
  SINCE MAR 1    158           255    -97      320
  SINCE JUL 1   2013          2068    -55     2156

 COOLING
  TODAY            7             1      6        5
  MONTH TO DATE    7             1      6        5
  SINCE MAR 1     50            23     27       10
  SINCE JAN 1     50            27     23       18
......................................................


WIND (MPH)
  HIGHEST WIND SPEED    12   HIGHEST WIND DIRECTION     W (280)
  HIGHEST GUST SPEED    19   HIGHEST GUST DIRECTION     W (260)
  AVERAGE WIND SPEED     5.6


SKY COVER
  AVERAGE SKY COVER 0.2


WEATHER CONDITIONS
 THE FOLLOWING WEATHER WAS RECORDED TODAY.
  LIGHT RAIN


RELATIVE HUMIDITY (PERCENT)
 HIGHEST    84           700 AM
 LOWEST     31           400 PM

..........................................................


THE AUGUSTA DANIEL FIELD GA CLIMATE NORMALS FOR TOMORROW
                         NORMAL
 MAXIMUM TEMPERATURE (F)   72
 MINIMUM TEMPERATURE (F)   50


SUNRISE AND SUNSET
APRIL  1 2015.........SUNRISE   716 AM EDT   SUNSET   748 PM EDT
APRIL  2 2015.........SUNRISE   715 AM EDT   SUNSET   749 PM EDT


-  INDICATES NEGATIVE NUMBERS.
R  INDICATES RECORD WAS SET OR TIED.
MM INDICATES DATA IS MISSING.
T  INDICATES TRACE AMOUNT.




$$
