000
CDUS44 KEWX 012249
CLIDRT


CLIMATE REPORT
NATIONAL WEATHER SERVICE AUSTIN/SAN ANTONIO, TX
548 PM CDT WED APR 1 2015


...................................

...THE DEL RIO CLIMATE SUMMARY FOR APRIL 1 2015...
VALID TODAY AS OF 548 PM LOCAL TIME.

CLIMATE NORMAL PERIOD 1981 TO 2010
CLIMATE RECORD PERIOD 1906 TO 2015


WEATHER ITEM   OBSERVED TIME   RECORD YEAR NORMAL DEPARTURE LAST
                VALUE   (LST)  VALUE       VALUE  FROM      YEAR
                                                  NORMAL
..................................................................
TEMPERATURE (F)
 TODAY
  MAXIMUM         84    352 PM  96    2011  80      4       88
  MINIMUM         64    606 AM  38    1909  56      8       64
  AVERAGE         74                        68      6       76

PRECIPITATION (IN)
  TODAY            T             0.28 1978   0.04  -0.04     0.00
  MONTH TO DATE    T                         0.04  -0.04     0.00
  SINCE MAR 1      2.21                      1.18   1.03     0.32
  SINCE JAN 1      3.20                      2.78   0.42     0.54

SNOWFALL (IN)
  TODAY            0.0
  MONTH TO DATE    0.0
  SINCE MAR 1      0.0
  SINCE JUL 1      0.0
  SNOW DEPTH       0

DEGREE DAYS
 HEATING
  TODAY            0                         2     -2        0
  MONTH TO DATE    0                         2     -2        0
  SINCE MAR 1    138                       116     22      134
  SINCE JUL 1   1465                      1352    113     1541

 COOLING
  TODAY            9                         5      4       11
  MONTH TO DATE    9                         5      4       11
  SINCE MAR 1     80                        92    -12       95
  SINCE JAN 1     95                       111    -16      140
..................................................................


WIND (MPH)
  HIGHEST WIND SPEED    22   HIGHEST WIND DIRECTION     E (90)
  HIGHEST GUST SPEED    26   HIGHEST GUST DIRECTION     E (90)
  AVERAGE WIND SPEED     8.4



WEATHER CONDITIONS
 THE FOLLOWING WEATHER WAS RECORDED TODAY.
  FOG
  HAZE


RELATIVE HUMIDITY (PERCENT)
 HIGHEST    93           300 AM
 LOWEST     51           300 PM
 AVERAGE    72

..........................................................


THE DEL RIO CLIMATE NORMALS FOR TOMORROW
                         NORMAL    RECORD    YEAR
 MAXIMUM TEMPERATURE (F)   81       101      1974
 MINIMUM TEMPERATURE (F)   56        35      2005


SUNRISE AND SUNSET
APRIL  1 2015.........SUNRISE   734 AM CDT   SUNSET   802 PM CDT
APRIL  2 2015.........SUNRISE   732 AM CDT   SUNSET   803 PM CDT


-  INDICATES NEGATIVE NUMBERS.
R  INDICATES RECORD WAS SET OR TIED.
MM INDICATES DATA IS MISSING.
T  INDICATES TRACE AMOUNT.




$$
