000
CDUS43 KDVN 180917
CLIDVN


CLIMATE REPORT
NATIONAL WEATHER SERVICE QUAD CITIES IA IL
417 AM CDT SAT APR 18 2015


...................................

...THE DAVENPORT IA CLIMATE SUMMARY FOR APRIL 17 2015...

CLIMATE NORMAL PERIOD 1981 TO 2010
CLIMATE RECORD PERIOD 9999 TO 9999


WEATHER ITEM   OBSERVED TIME   RECORD YEAR NORMAL DEPARTURE LAST
                VALUE   (LST)  VALUE       VALUE  FROM      YEAR
                                                  NORMAL
..................................................................
TEMPERATURE (F)
 YESTERDAY
  MAXIMUM         79    442 PM  MM      MM  62     17       56
  MINIMUM         45    328 AM  MM      MM  40      5       35
  AVERAGE         62                        51     11       46

PRECIPITATION (IN)
  YESTERDAY        0.00         MM      MM   0.11  -0.11     0.00
  MONTH TO DATE    0.72                      1.73  -1.01     1.56
  SINCE MAR 1      1.58                      4.25  -2.67     2.08
  SINCE JAN 1      4.15                      6.78  -2.63     4.87

SNOWFALL (IN)
  YESTERDAY        0.0          MM      MM  MM     MM        0.0
  MONTH TO DATE    T                        MM     MM         T
  SINCE MAR 1      0.3                      MM     MM        7.4
  SINCE JUL 1     32.5                      MM     MM       50.2
  SNOW DEPTH       0

DEGREE DAYS
 HEATING
  YESTERDAY        3                        14    -11       19
  MONTH TO DATE  214                       290    -76      325
  SINCE MAR 1   1095                      1123    -28     1362
  SINCE JUL 1   6591                      6148    443     7225

 COOLING
  YESTERDAY        0                         0      0        0
  MONTH TO DATE    0                         0      0        3
  SINCE MAR 1      0                         0      0        3
  SINCE JAN 1      0                         0      0        3
..................................................................


WIND (MPH)
  HIGHEST WIND SPEED    13   HIGHEST WIND DIRECTION     S (200)
  HIGHEST GUST SPEED    17   HIGHEST GUST DIRECTION    SW (210)
  AVERAGE WIND SPEED     3.1


SKY COVER
  POSSIBLE SUNSHINE  MM
  AVERAGE SKY COVER 0.1


WEATHER CONDITIONS
 THE FOLLOWING WEATHER WAS RECORDED YESTERDAY.
  NO SIGNIFICANT WEATHER WAS OBSERVED.


RELATIVE HUMIDITY (PERCENT)
 HIGHEST    77           300 AM
 LOWEST     31           400 PM
 AVERAGE    54

..........................................................


THE DAVENPORT IA CLIMATE NORMALS FOR TODAY
                         NORMAL    RECORD    YEAR
 MAXIMUM TEMPERATURE (F)   63        MM        MM
 MINIMUM TEMPERATURE (F)   40        MM        MM


SUNRISE AND SUNSET
APRIL 18 2015.........SUNRISE   618 AM CDT   SUNSET   746 PM CDT
APRIL 19 2015.........SUNRISE   617 AM CDT   SUNSET   747 PM CDT


-  INDICATES NEGATIVE NUMBERS.
R  INDICATES RECORD WAS SET OR TIED.
MM INDICATES DATA IS MISSING.
T  INDICATES TRACE AMOUNT.




$$
