000
CDUS42 KAKQ 030532
CLIECG


CLIMATE REPORT
NATIONAL WEATHER SERVICE WAKEFIELD, VA
131 AM EDT SUN MAY 3 2015


...................................

...THE ELIZABETH CITY NC CLIMATE SUMMARY FOR MAY 2 2015...

CLIMATE NORMAL PERIOD 1981 TO 2010
CLIMATE RECORD PERIOD 1934 TO 2015


WEATHER ITEM   OBSERVED TIME   RECORD YEAR NORMAL DEPARTURE LAST
                VALUE   (LST)  VALUE       VALUE  FROM      YEAR
                                                  NORMAL
..................................................................
TEMPERATURE (F)
 YESTERDAY
  MAXIMUM         69    244 PM  94    1942  73     -4       70
  MINIMUM         46    531 AM  40    1945  52     -6       58
  AVERAGE         58                        63     -5       64

PRECIPITATION (IN)
  YESTERDAY        0.00          1.50 1954   0.10  -0.10      T
  MONTH TO DATE    0.01                      0.20  -0.19     0.09
  SINCE MAR 1      7.09                      7.32  -0.23     8.58
  SINCE JAN 1     13.89                     13.76   0.13    12.72

SNOWFALL (IN)
  YESTERDAY        0.0           0.0  2002  MM     MM
  MONTH TO DATE    0.0                      MM     MM
  SINCE NOV 1      T                        MM     MM
  SINCE JUL 1      T                        MM     MM
  SNOW DEPTH       0

DEGREE DAYS
 HEATING
  YESTERDAY        7                         4      3        1
  MONTH TO DATE   18                         8     10        1
  SINCE MAR 1    690                       697     -7      739
  SINCE JUL 1   3224                      3169     55     3314

 COOLING
  YESTERDAY        0                         2     -2        0
  MONTH TO DATE    0                         4     -4        7
  SINCE MAR 1     33                        44    -11       36
  SINCE JAN 1     35                        46    -11       36
..................................................................


WIND (MPH)
  HIGHEST WIND SPEED    16   HIGHEST WIND DIRECTION     N (360)
  HIGHEST GUST SPEED    21   HIGHEST GUST DIRECTION     N (20)
  AVERAGE WIND SPEED     8.0


SKY COVER
  POSSIBLE SUNSHINE  MM
  AVERAGE SKY COVER 0.1


WEATHER CONDITIONS
 THE FOLLOWING WEATHER WAS RECORDED YESTERDAY.
  NO SIGNIFICANT WEATHER WAS OBSERVED.


RELATIVE HUMIDITY (PERCENT)
 HIGHEST    93           400 AM
 LOWEST     45           200 PM
 AVERAGE    69

..........................................................


THE ELIZABETH CITY NC CLIMATE NORMALS FOR TODAY
                         NORMAL    RECORD    YEAR
 MAXIMUM TEMPERATURE (F)   74        91      1965
 MINIMUM TEMPERATURE (F)   53        40      1988


SUNRISE AND SUNSET
MAY  3 2015...........SUNRISE   610 AM EDT   SUNSET   754 PM EDT
MAY  4 2015...........SUNRISE   609 AM EDT   SUNSET   755 PM EDT


-  INDICATES NEGATIVE NUMBERS.
R  INDICATES RECORD WAS SET OR TIED.
MM INDICATES DATA IS MISSING.
T  INDICATES TRACE AMOUNT.




$$
